{"id":8813,"date":"2026-03-18T10:44:33","date_gmt":"2026-03-18T13:44:33","guid":{"rendered":"https:\/\/parisparis.movilizame.com.ar\/?post_type=product&#038;p=8813"},"modified":"2026-03-18T10:44:33","modified_gmt":"2026-03-18T13:44:33","slug":"la-puissance-nutrition-therapy-tratamiento-300-ml","status":"publish","type":"product","link":"https:\/\/parisparis.movilizame.com.ar\/?product=la-puissance-nutrition-therapy-tratamiento-300-ml","title":{"rendered":"LA PUISSANCE &#8211; NUTRITION THERAPY TRATAMIENTO 300 ML"},"content":{"rendered":"<p>Desarrollado para\u00a0<strong>revitalizar\u00a0<\/strong>cabellos resecos, quebradizos y sin vida, este tratamiento combina\u00a0<strong>activos naturales<\/strong>\u00a0y tecnolog\u00eda avanzada para una reparaci\u00f3n profunda. Su f\u00f3rmula con aceite de palta y aceite de oliva\u00a0<strong>nutre\u00a0<\/strong>intensamente cada hebra, mientras que la glicerina vegetal aporta\u00a0<strong>hidrataci\u00f3n\u00a0<\/strong>duradera, ayudando a sellar puntas abiertas y retener la humedad. El resultado es un cabello m\u00e1s\u00a0<strong>fuerte<\/strong>, saludable, maleable y con un brillo visible desde las primeras aplicaciones.\u00a0<strong>Libre de parabenos y cruelty free.<\/strong><\/p>\n<p><strong>BENEFICIOS<\/strong><\/p>\n<ul>\n<li aria-level=\"1\">Revitalizaci\u00f3n Profunda<\/li>\n<li aria-level=\"1\">Hidrataci\u00f3n Intensa gracias a la glicerina vegetal<\/li>\n<li aria-level=\"1\">Cabello saludable y maleable<\/li>\n<li aria-level=\"1\">Cabello m\u00e1s fuerte y radiante<\/li>\n<li aria-level=\"1\">Libre de parabenos y crueldad animal<\/li>\n<\/ul>\n<p><strong>MODO DE USO:<\/strong>\u00a0Luego del shampoo y sobre el cabello mojado, se aplica de medios a puntas, masajeando suavemente de 2 a 3 minutos y luego se enjuaga.<\/p>\n<p>De uso cotidiano. Para su \u00f3ptima eficacia, se recomienda su utilizaci\u00f3n en combinaci\u00f3n con los dem\u00e1s productos de la l\u00ednea<strong>\u00a0Nutrition Therapy.<\/strong><\/p>\n","protected":false},"excerpt":{"rendered":"<p>Desarrollado para\u00a0revitalizar\u00a0cabellos resecos, quebradizos y sin vida, este tratamiento combina\u00a0activos naturales\u00a0y tecnolog\u00eda avanzada para una reparaci\u00f3n profunda. Su f\u00f3rmula con&#8230;<\/p>\n","protected":false},"featured_media":8814,"comment_status":"open","ping_status":"closed","template":"","meta":[],"product_brand":[1496],"product_cat":[],"product_tag":[],"class_list":{"0":"post-8813","1":"product","2":"type-product","3":"status-publish","4":"has-post-thumbnail","6":"product_brand-la-puissance","8":"first","9":"instock","10":"shipping-taxable","11":"purchasable","12":"product-type-simple"},"_links":{"self":[{"href":"https:\/\/parisparis.movilizame.com.ar\/index.php?rest_route=\/wp\/v2\/product\/8813","targetHints":{"allow":["GET"]}}],"collection":[{"href":"https:\/\/parisparis.movilizame.com.ar\/index.php?rest_route=\/wp\/v2\/product"}],"about":[{"href":"https:\/\/parisparis.movilizame.com.ar\/index.php?rest_route=\/wp\/v2\/types\/product"}],"replies":[{"embeddable":true,"href":"https:\/\/parisparis.movilizame.com.ar\/index.php?rest_route=%2Fwp%2Fv2%2Fcomments&post=8813"}],"wp:featuredmedia":[{"embeddable":true,"href":"https:\/\/parisparis.movilizame.com.ar\/index.php?rest_route=\/wp\/v2\/media\/8814"}],"wp:attachment":[{"href":"https:\/\/parisparis.movilizame.com.ar\/index.php?rest_route=%2Fwp%2Fv2%2Fmedia&parent=8813"}],"wp:term":[{"taxonomy":"product_brand","embeddable":true,"href":"https:\/\/parisparis.movilizame.com.ar\/index.php?rest_route=%2Fwp%2Fv2%2Fproduct_brand&post=8813"},{"taxonomy":"product_cat","embeddable":true,"href":"https:\/\/parisparis.movilizame.com.ar\/index.php?rest_route=%2Fwp%2Fv2%2Fproduct_cat&post=8813"},{"taxonomy":"product_tag","embeddable":true,"href":"https:\/\/parisparis.movilizame.com.ar\/index.php?rest_route=%2Fwp%2Fv2%2Fproduct_tag&post=8813"}],"curies":[{"name":"wp","href":"https:\/\/api.w.org\/{rel}","templated":true}]}}