{"id":8801,"date":"2026-03-18T10:19:33","date_gmt":"2026-03-18T13:19:33","guid":{"rendered":"https:\/\/parisparis.movilizame.com.ar\/?post_type=product&#038;p=8801"},"modified":"2026-03-18T10:19:33","modified_gmt":"2026-03-18T13:19:33","slug":"la-puissance-neutro-shampoo-300-ml","status":"publish","type":"product","link":"https:\/\/parisparis.movilizame.com.ar\/?product=la-puissance-neutro-shampoo-300-ml","title":{"rendered":"LA PUISSANCE &#8211; NEUTRO SHAMPOO 300 ML"},"content":{"rendered":"<p>El\u00a0<strong>Shampoo Neutro<\/strong>\u00a0de La Puiss\u00e2nce, especialmente formulado para cueros cabelludos sensibles y dise\u00f1ado con la \u00faltima tecnolog\u00eda en cuidado capilar, ofrece una limpieza profunda que barre todas las impurezas y residuos, sin dejar tu cabello reseco.<\/p>\n<p>Es el aliado perfecto para preparar tu cabello previo a un tratamiento profesional como alisados \u200b\u200bo queratina. Su\u00a0<strong>pH\u00a0<\/strong>balanceado y su f\u00f3rmula hipoalerg\u00e9nica otorgan un lavado suave y eficaz para no da\u00f1ar el cuero cabelludo. Es totalmente libre de colorantes, parabenos, crueldad animal y apto para veganos por lo que es una opci\u00f3n segura y amigable para tu cabello y el medio ambiente.<\/p>\n<p>Atr\u00e9vete a experimentar con nuestro Shampoo Neutro y deja que tu cabello brille, est\u00e9 saludable y lleno de vitalidad.<\/p>\n","protected":false},"excerpt":{"rendered":"<p>El\u00a0Shampoo Neutro\u00a0de La Puiss\u00e2nce, especialmente formulado para cueros cabelludos sensibles y dise\u00f1ado con la \u00faltima tecnolog\u00eda en cuidado capilar, ofrece&#8230;<\/p>\n","protected":false},"featured_media":8802,"comment_status":"open","ping_status":"closed","template":"","meta":[],"product_brand":[1496],"product_cat":[],"product_tag":[],"class_list":{"0":"post-8801","1":"product","2":"type-product","3":"status-publish","4":"has-post-thumbnail","6":"product_brand-la-puissance","8":"first","9":"instock","10":"shipping-taxable","11":"purchasable","12":"product-type-simple"},"_links":{"self":[{"href":"https:\/\/parisparis.movilizame.com.ar\/index.php?rest_route=\/wp\/v2\/product\/8801","targetHints":{"allow":["GET"]}}],"collection":[{"href":"https:\/\/parisparis.movilizame.com.ar\/index.php?rest_route=\/wp\/v2\/product"}],"about":[{"href":"https:\/\/parisparis.movilizame.com.ar\/index.php?rest_route=\/wp\/v2\/types\/product"}],"replies":[{"embeddable":true,"href":"https:\/\/parisparis.movilizame.com.ar\/index.php?rest_route=%2Fwp%2Fv2%2Fcomments&post=8801"}],"wp:featuredmedia":[{"embeddable":true,"href":"https:\/\/parisparis.movilizame.com.ar\/index.php?rest_route=\/wp\/v2\/media\/8802"}],"wp:attachment":[{"href":"https:\/\/parisparis.movilizame.com.ar\/index.php?rest_route=%2Fwp%2Fv2%2Fmedia&parent=8801"}],"wp:term":[{"taxonomy":"product_brand","embeddable":true,"href":"https:\/\/parisparis.movilizame.com.ar\/index.php?rest_route=%2Fwp%2Fv2%2Fproduct_brand&post=8801"},{"taxonomy":"product_cat","embeddable":true,"href":"https:\/\/parisparis.movilizame.com.ar\/index.php?rest_route=%2Fwp%2Fv2%2Fproduct_cat&post=8801"},{"taxonomy":"product_tag","embeddable":true,"href":"https:\/\/parisparis.movilizame.com.ar\/index.php?rest_route=%2Fwp%2Fv2%2Fproduct_tag&post=8801"}],"curies":[{"name":"wp","href":"https:\/\/api.w.org\/{rel}","templated":true}]}}