{"id":8789,"date":"2026-03-10T12:43:27","date_gmt":"2026-03-10T15:43:27","guid":{"rendered":"https:\/\/parisparis.movilizame.com.ar\/?post_type=product&#038;p=8789"},"modified":"2026-03-10T12:43:27","modified_gmt":"2026-03-10T15:43:27","slug":"la-puissance-keratine-tratamiento-cabellos-danados-300-ml","status":"publish","type":"product","link":"https:\/\/parisparis.movilizame.com.ar\/?product=la-puissance-keratine-tratamiento-cabellos-danados-300-ml","title":{"rendered":"LA PUISSANCE &#8211; KERATINE TRATAMIENTO CABELLOS DA\u00d1ADOS 300 ML"},"content":{"rendered":"<p dir=\"ltr\">Este tratamiento es ideal para acondicionar y reparar cabellos debilitados. Con\u00a0<strong>phytoqueratina<\/strong>\u00a0y\u00a0<strong>glicerina vegetal<\/strong>, hidrata profundamente y reduce el frizz, mientras facilita el desenredo gracias a su f\u00f3rmula antiest\u00e1tica. Adem\u00e1s, protege el cabello de herramientas t\u00e9rmicas y rayos UV gracias a la ciclometicona y dimeticonol.<\/p>\n<p dir=\"ltr\"><strong>Modo de uso:\u00a0<\/strong>Despu\u00e9s del shampoo, aplicar de medios a puntas, dejar actuar durante 3 minutos y desenredar suavemente con los dedos. Enjuagar bien para revelar un cabello suave y manejable.<\/p>\n","protected":false},"excerpt":{"rendered":"<p>Este tratamiento es ideal para acondicionar y reparar cabellos debilitados. Con\u00a0phytoqueratina\u00a0y\u00a0glicerina vegetal, hidrata profundamente y reduce el frizz, mientras facilita&#8230;<\/p>\n","protected":false},"featured_media":8790,"comment_status":"open","ping_status":"closed","template":"","meta":[],"product_brand":[1496],"product_cat":[],"product_tag":[],"class_list":{"0":"post-8789","1":"product","2":"type-product","3":"status-publish","4":"has-post-thumbnail","6":"product_brand-la-puissance","8":"first","9":"instock","10":"shipping-taxable","11":"purchasable","12":"product-type-simple"},"_links":{"self":[{"href":"https:\/\/parisparis.movilizame.com.ar\/index.php?rest_route=\/wp\/v2\/product\/8789","targetHints":{"allow":["GET"]}}],"collection":[{"href":"https:\/\/parisparis.movilizame.com.ar\/index.php?rest_route=\/wp\/v2\/product"}],"about":[{"href":"https:\/\/parisparis.movilizame.com.ar\/index.php?rest_route=\/wp\/v2\/types\/product"}],"replies":[{"embeddable":true,"href":"https:\/\/parisparis.movilizame.com.ar\/index.php?rest_route=%2Fwp%2Fv2%2Fcomments&post=8789"}],"wp:featuredmedia":[{"embeddable":true,"href":"https:\/\/parisparis.movilizame.com.ar\/index.php?rest_route=\/wp\/v2\/media\/8790"}],"wp:attachment":[{"href":"https:\/\/parisparis.movilizame.com.ar\/index.php?rest_route=%2Fwp%2Fv2%2Fmedia&parent=8789"}],"wp:term":[{"taxonomy":"product_brand","embeddable":true,"href":"https:\/\/parisparis.movilizame.com.ar\/index.php?rest_route=%2Fwp%2Fv2%2Fproduct_brand&post=8789"},{"taxonomy":"product_cat","embeddable":true,"href":"https:\/\/parisparis.movilizame.com.ar\/index.php?rest_route=%2Fwp%2Fv2%2Fproduct_cat&post=8789"},{"taxonomy":"product_tag","embeddable":true,"href":"https:\/\/parisparis.movilizame.com.ar\/index.php?rest_route=%2Fwp%2Fv2%2Fproduct_tag&post=8789"}],"curies":[{"name":"wp","href":"https:\/\/api.w.org\/{rel}","templated":true}]}}