{"id":8765,"date":"2026-03-10T11:37:53","date_gmt":"2026-03-10T14:37:53","guid":{"rendered":"https:\/\/parisparis.movilizame.com.ar\/?post_type=product&#038;p=8765"},"modified":"2026-03-10T11:37:53","modified_gmt":"2026-03-10T14:37:53","slug":"la-puissance-hydrashine-complex-shampoo-300-ml","status":"publish","type":"product","link":"https:\/\/parisparis.movilizame.com.ar\/?product=la-puissance-hydrashine-complex-shampoo-300-ml","title":{"rendered":"LA PUISSANCE &#8211; HYDRASHINE COMPLEX SHAMPOO 300 ML"},"content":{"rendered":"<p>Shampoo dise\u00f1ado para ofrecer hidrataci\u00f3n y brillo extremo. Formulado con<strong>\u00a0Hialubot \u2122\u00a0<\/strong>y aceite de flores naturales, act\u00faa en la fibra capilar para reducir la fricci\u00f3n y la electricidad est\u00e1tica. Contiene\u00a0<strong>alquilolamida de coco<\/strong>\u00a0que funciona como acondicionador y\u00a0<strong>glicerina vegetal<\/strong>, que atrae y retiene la humedad sobre la hebra. Adem\u00e1s, incluye\u00a0<strong>Phytoqueratina\u2122<\/strong>, que repara y nutre el cabello desde el interior, mejorando su hidrataci\u00f3n, sedosidad y reduciendo el frizz.<\/p>\n<p><strong>Modo de uso:\u00a0<\/strong>Aplicar sobre el cabello h\u00famedo, masajeando suavemente el cuero cabelludo con la punta de los dedos durante\u00a0<strong>2 minutos<\/strong>. Forme una abundante espuma y enjuagar bien con agua tibia. Uso diario.<\/p>\n","protected":false},"excerpt":{"rendered":"<p>Shampoo dise\u00f1ado para ofrecer hidrataci\u00f3n y brillo extremo. Formulado con\u00a0Hialubot \u2122\u00a0y aceite de flores naturales, act\u00faa en la fibra capilar&#8230;<\/p>\n","protected":false},"featured_media":8766,"comment_status":"open","ping_status":"closed","template":"","meta":[],"product_brand":[1496],"product_cat":[],"product_tag":[],"class_list":{"0":"post-8765","1":"product","2":"type-product","3":"status-publish","4":"has-post-thumbnail","6":"product_brand-la-puissance","8":"first","9":"instock","10":"shipping-taxable","11":"purchasable","12":"product-type-simple"},"_links":{"self":[{"href":"https:\/\/parisparis.movilizame.com.ar\/index.php?rest_route=\/wp\/v2\/product\/8765","targetHints":{"allow":["GET"]}}],"collection":[{"href":"https:\/\/parisparis.movilizame.com.ar\/index.php?rest_route=\/wp\/v2\/product"}],"about":[{"href":"https:\/\/parisparis.movilizame.com.ar\/index.php?rest_route=\/wp\/v2\/types\/product"}],"replies":[{"embeddable":true,"href":"https:\/\/parisparis.movilizame.com.ar\/index.php?rest_route=%2Fwp%2Fv2%2Fcomments&post=8765"}],"wp:featuredmedia":[{"embeddable":true,"href":"https:\/\/parisparis.movilizame.com.ar\/index.php?rest_route=\/wp\/v2\/media\/8766"}],"wp:attachment":[{"href":"https:\/\/parisparis.movilizame.com.ar\/index.php?rest_route=%2Fwp%2Fv2%2Fmedia&parent=8765"}],"wp:term":[{"taxonomy":"product_brand","embeddable":true,"href":"https:\/\/parisparis.movilizame.com.ar\/index.php?rest_route=%2Fwp%2Fv2%2Fproduct_brand&post=8765"},{"taxonomy":"product_cat","embeddable":true,"href":"https:\/\/parisparis.movilizame.com.ar\/index.php?rest_route=%2Fwp%2Fv2%2Fproduct_cat&post=8765"},{"taxonomy":"product_tag","embeddable":true,"href":"https:\/\/parisparis.movilizame.com.ar\/index.php?rest_route=%2Fwp%2Fv2%2Fproduct_tag&post=8765"}],"curies":[{"name":"wp","href":"https:\/\/api.w.org\/{rel}","templated":true}]}}