{"id":8724,"date":"2026-03-03T18:56:54","date_gmt":"2026-03-03T21:56:54","guid":{"rendered":"https:\/\/parisparis.movilizame.com.ar\/?post_type=product&#038;p=8724"},"modified":"2026-03-04T10:44:44","modified_gmt":"2026-03-04T13:44:44","slug":"ysl-myself-le-parfum-100-ml","status":"publish","type":"product","link":"https:\/\/parisparis.movilizame.com.ar\/?product=ysl-myself-le-parfum-100-ml","title":{"rendered":"YSL &#8211; MYSLF LE PARFUM 100 ML"},"content":{"rendered":"<p><b>MYSLF Le Parfum<\/b>\u00a0de\u00a0<b>Yves Saint Laurent<\/b>\u00a0es una fragancia de la familia olfativa Oriental Amaderada para Hombres.\u00a0<b>MYSLF Le Parfum<\/b>\u00a0se lanz\u00f3 en 2024. MYSLF Le Parfum fue creada por Daniela Andrier, Antoine Maisondieu y Christophe Raynaud. La Nota de Salida es pimienta negra; la Nota de Coraz\u00f3n es flor de azahar del naranjo; las Notas de Fondo son vainilla Bourbon, \u00e1mbar, notas amaderadas y pachul\u00ed.<\/p>\n","protected":false},"excerpt":{"rendered":"<p>MYSLF Le Parfum\u00a0de\u00a0Yves Saint Laurent\u00a0es una fragancia de la familia olfativa Oriental Amaderada para Hombres.\u00a0MYSLF Le Parfum\u00a0se lanz\u00f3 en 2024&#8230;.<\/p>\n","protected":false},"featured_media":8725,"comment_status":"open","ping_status":"closed","template":"","meta":[],"product_brand":[1448],"product_cat":[],"product_tag":[],"class_list":{"0":"post-8724","1":"product","2":"type-product","3":"status-publish","4":"has-post-thumbnail","6":"product_brand-ysl","8":"first","9":"instock","10":"shipping-taxable","11":"purchasable","12":"product-type-simple"},"_links":{"self":[{"href":"https:\/\/parisparis.movilizame.com.ar\/index.php?rest_route=\/wp\/v2\/product\/8724","targetHints":{"allow":["GET"]}}],"collection":[{"href":"https:\/\/parisparis.movilizame.com.ar\/index.php?rest_route=\/wp\/v2\/product"}],"about":[{"href":"https:\/\/parisparis.movilizame.com.ar\/index.php?rest_route=\/wp\/v2\/types\/product"}],"replies":[{"embeddable":true,"href":"https:\/\/parisparis.movilizame.com.ar\/index.php?rest_route=%2Fwp%2Fv2%2Fcomments&post=8724"}],"wp:featuredmedia":[{"embeddable":true,"href":"https:\/\/parisparis.movilizame.com.ar\/index.php?rest_route=\/wp\/v2\/media\/8725"}],"wp:attachment":[{"href":"https:\/\/parisparis.movilizame.com.ar\/index.php?rest_route=%2Fwp%2Fv2%2Fmedia&parent=8724"}],"wp:term":[{"taxonomy":"product_brand","embeddable":true,"href":"https:\/\/parisparis.movilizame.com.ar\/index.php?rest_route=%2Fwp%2Fv2%2Fproduct_brand&post=8724"},{"taxonomy":"product_cat","embeddable":true,"href":"https:\/\/parisparis.movilizame.com.ar\/index.php?rest_route=%2Fwp%2Fv2%2Fproduct_cat&post=8724"},{"taxonomy":"product_tag","embeddable":true,"href":"https:\/\/parisparis.movilizame.com.ar\/index.php?rest_route=%2Fwp%2Fv2%2Fproduct_tag&post=8724"}],"curies":[{"name":"wp","href":"https:\/\/api.w.org\/{rel}","templated":true}]}}