{"id":8680,"date":"2026-02-04T17:23:08","date_gmt":"2026-02-04T20:23:08","guid":{"rendered":"https:\/\/parisparis.movilizame.com.ar\/?post_type=product&#038;p=8680"},"modified":"2026-02-04T17:23:08","modified_gmt":"2026-02-04T20:23:08","slug":"capilatis-engrosador-acondicionador-420-ml","status":"publish","type":"product","link":"https:\/\/parisparis.movilizame.com.ar\/?product=capilatis-engrosador-acondicionador-420-ml","title":{"rendered":"CAPILATIS &#8211; ENGROSADOR ACONDICIONADOR 420 ML"},"content":{"rendered":"<p><strong>El Acondicionador Engrosador con Flores de L\u00fapulo aumenta el grosor del cabello, fortalece y protege la fibra capilar, d\u00e1ndole m\u00e1s volumen.<\/strong><\/p>\n<p>Otorga extra brillo, desenreda y facilita el peinado. La acci\u00f3n conjunta de sus ingredientes garantiza un aumento progresivo del grosor de cada fibra; esto se traduce en un cabello con\u00a0<strong>m\u00e1s cuerpo, muy brillante y suave\u00a0<\/strong>al tacto.<\/p>\n<p>SIN PARABENOS. SIN COLORANTES.<\/p>\n<p>Contenido: 420 ml<\/p>\n<p><strong>Modo de uso:<\/strong><\/p>\n<p>Luego del lavado, aplicar masajeando suavemente y dejar actuar unos minutos. Enjuagar con agua tibia. Peinar como de costumbre.<\/p>\n","protected":false},"excerpt":{"rendered":"<p>El Acondicionador Engrosador con Flores de L\u00fapulo aumenta el grosor del cabello, fortalece y protege la fibra capilar, d\u00e1ndole m\u00e1s&#8230;<\/p>\n","protected":false},"featured_media":8681,"comment_status":"open","ping_status":"closed","template":"","meta":[],"product_brand":[1458],"product_cat":[],"product_tag":[],"class_list":{"0":"post-8680","1":"product","2":"type-product","3":"status-publish","4":"has-post-thumbnail","6":"product_brand-capilatis","8":"first","9":"instock","10":"shipping-taxable","11":"purchasable","12":"product-type-simple"},"_links":{"self":[{"href":"https:\/\/parisparis.movilizame.com.ar\/index.php?rest_route=\/wp\/v2\/product\/8680","targetHints":{"allow":["GET"]}}],"collection":[{"href":"https:\/\/parisparis.movilizame.com.ar\/index.php?rest_route=\/wp\/v2\/product"}],"about":[{"href":"https:\/\/parisparis.movilizame.com.ar\/index.php?rest_route=\/wp\/v2\/types\/product"}],"replies":[{"embeddable":true,"href":"https:\/\/parisparis.movilizame.com.ar\/index.php?rest_route=%2Fwp%2Fv2%2Fcomments&post=8680"}],"wp:featuredmedia":[{"embeddable":true,"href":"https:\/\/parisparis.movilizame.com.ar\/index.php?rest_route=\/wp\/v2\/media\/8681"}],"wp:attachment":[{"href":"https:\/\/parisparis.movilizame.com.ar\/index.php?rest_route=%2Fwp%2Fv2%2Fmedia&parent=8680"}],"wp:term":[{"taxonomy":"product_brand","embeddable":true,"href":"https:\/\/parisparis.movilizame.com.ar\/index.php?rest_route=%2Fwp%2Fv2%2Fproduct_brand&post=8680"},{"taxonomy":"product_cat","embeddable":true,"href":"https:\/\/parisparis.movilizame.com.ar\/index.php?rest_route=%2Fwp%2Fv2%2Fproduct_cat&post=8680"},{"taxonomy":"product_tag","embeddable":true,"href":"https:\/\/parisparis.movilizame.com.ar\/index.php?rest_route=%2Fwp%2Fv2%2Fproduct_tag&post=8680"}],"curies":[{"name":"wp","href":"https:\/\/api.w.org\/{rel}","templated":true}]}}