{"id":8453,"date":"2025-11-18T11:06:36","date_gmt":"2025-11-18T14:06:36","guid":{"rendered":"https:\/\/parisparis.movilizame.com.ar\/?post_type=product&#038;p=8453"},"modified":"2025-11-18T18:27:01","modified_gmt":"2025-11-18T21:27:01","slug":"epica-lfleur-edp-50-ml","status":"publish","type":"product","link":"https:\/\/parisparis.movilizame.com.ar\/?product=epica-lfleur-edp-50-ml","title":{"rendered":"EPICA &#8211; L\u00b4FLEUR EDP 50 ML"},"content":{"rendered":"<p>Notas de Salida: Durazno, Pera y Anan\u00e1<\/p>\n<p>Notas de Coraz\u00f3n: Violeta, Rosa y Jazm\u00edn<\/p>\n<p>Notas de Fondo: Vainilla, Cedro y Musk<\/p>\n","protected":false},"excerpt":{"rendered":"<p>Notas de Salida: Durazno, Pera y Anan\u00e1 Notas de Coraz\u00f3n: Violeta, Rosa y Jazm\u00edn Notas de Fondo: Vainilla, Cedro y&#8230;<\/p>\n","protected":false},"featured_media":8455,"comment_status":"open","ping_status":"closed","template":"","meta":[],"product_brand":[1441],"product_cat":[],"product_tag":[],"class_list":{"0":"post-8453","1":"product","2":"type-product","3":"status-publish","4":"has-post-thumbnail","6":"product_brand-epica","8":"first","9":"instock","10":"shipping-taxable","11":"purchasable","12":"product-type-simple"},"_links":{"self":[{"href":"https:\/\/parisparis.movilizame.com.ar\/index.php?rest_route=\/wp\/v2\/product\/8453","targetHints":{"allow":["GET"]}}],"collection":[{"href":"https:\/\/parisparis.movilizame.com.ar\/index.php?rest_route=\/wp\/v2\/product"}],"about":[{"href":"https:\/\/parisparis.movilizame.com.ar\/index.php?rest_route=\/wp\/v2\/types\/product"}],"replies":[{"embeddable":true,"href":"https:\/\/parisparis.movilizame.com.ar\/index.php?rest_route=%2Fwp%2Fv2%2Fcomments&post=8453"}],"wp:featuredmedia":[{"embeddable":true,"href":"https:\/\/parisparis.movilizame.com.ar\/index.php?rest_route=\/wp\/v2\/media\/8455"}],"wp:attachment":[{"href":"https:\/\/parisparis.movilizame.com.ar\/index.php?rest_route=%2Fwp%2Fv2%2Fmedia&parent=8453"}],"wp:term":[{"taxonomy":"product_brand","embeddable":true,"href":"https:\/\/parisparis.movilizame.com.ar\/index.php?rest_route=%2Fwp%2Fv2%2Fproduct_brand&post=8453"},{"taxonomy":"product_cat","embeddable":true,"href":"https:\/\/parisparis.movilizame.com.ar\/index.php?rest_route=%2Fwp%2Fv2%2Fproduct_cat&post=8453"},{"taxonomy":"product_tag","embeddable":true,"href":"https:\/\/parisparis.movilizame.com.ar\/index.php?rest_route=%2Fwp%2Fv2%2Fproduct_tag&post=8453"}],"curies":[{"name":"wp","href":"https:\/\/api.w.org\/{rel}","templated":true}]}}