{"id":8312,"date":"2025-11-14T11:49:39","date_gmt":"2025-11-14T14:49:39","guid":{"rendered":"https:\/\/parisparis.movilizame.com.ar\/?post_type=product&#038;p=8312"},"modified":"2025-11-15T10:43:53","modified_gmt":"2025-11-15T13:43:53","slug":"davidoff-cool-water-woman-edt-100-ml","status":"publish","type":"product","link":"https:\/\/parisparis.movilizame.com.ar\/?product=davidoff-cool-water-woman-edt-100-ml","title":{"rendered":"DAVIDOFF &#8211; COOL WATER WOMAN EDT 100 ML"},"content":{"rendered":"<p>Davidoff Cool Water Eau de Toilette for Woman. Descubre una fragancia femenina inspirada en la sensualidad del mar. Esta fragancia fresca captura la sensaci\u00f3n \u00fanica de belleza que evoca el oc\u00e9ano. Las notas florales y afrutadas se elevan como una brisa, trayendo una sensual mezcla de sand\u00eda y lirio de los valles sobre almizcle. Cool Water Woman, la m\u00e1xima celebraci\u00f3n de la feminidad, la frescura y la seducci\u00f3n.<\/p>\n<p><strong>Notas de salida:<\/strong>\u00a0Mel\u00f3n, flor de loto, lim\u00f3n, pi\u00f1a, membrillo, calone, azucena y grosellas negras.<br \/>\n<strong>Notas de coraz\u00f3n:<\/strong>\u00a0Flor de loto, nen\u00fafar, lirio de los valles, jazm\u00edn, miel, flor del espino y rosa.<br \/>\n<strong>Notas de fondo:<\/strong>\u00a0Almizcle, vetiver, frambuesa, zarzamora, ra\u00edz de la violeta, durazno, s\u00e1ndalo y vainilla.<\/p>\n","protected":false},"excerpt":{"rendered":"<p>Davidoff Cool Water Eau de Toilette for Woman. Descubre una fragancia femenina inspirada en la sensualidad del mar. Esta fragancia&#8230;<\/p>\n","protected":false},"featured_media":8327,"comment_status":"open","ping_status":"closed","template":"","meta":[],"product_brand":[1485],"product_cat":[],"product_tag":[],"class_list":{"0":"post-8312","1":"product","2":"type-product","3":"status-publish","4":"has-post-thumbnail","6":"product_brand-davidoff","8":"first","9":"instock","10":"shipping-taxable","11":"purchasable","12":"product-type-simple"},"_links":{"self":[{"href":"https:\/\/parisparis.movilizame.com.ar\/index.php?rest_route=\/wp\/v2\/product\/8312","targetHints":{"allow":["GET"]}}],"collection":[{"href":"https:\/\/parisparis.movilizame.com.ar\/index.php?rest_route=\/wp\/v2\/product"}],"about":[{"href":"https:\/\/parisparis.movilizame.com.ar\/index.php?rest_route=\/wp\/v2\/types\/product"}],"replies":[{"embeddable":true,"href":"https:\/\/parisparis.movilizame.com.ar\/index.php?rest_route=%2Fwp%2Fv2%2Fcomments&post=8312"}],"wp:featuredmedia":[{"embeddable":true,"href":"https:\/\/parisparis.movilizame.com.ar\/index.php?rest_route=\/wp\/v2\/media\/8327"}],"wp:attachment":[{"href":"https:\/\/parisparis.movilizame.com.ar\/index.php?rest_route=%2Fwp%2Fv2%2Fmedia&parent=8312"}],"wp:term":[{"taxonomy":"product_brand","embeddable":true,"href":"https:\/\/parisparis.movilizame.com.ar\/index.php?rest_route=%2Fwp%2Fv2%2Fproduct_brand&post=8312"},{"taxonomy":"product_cat","embeddable":true,"href":"https:\/\/parisparis.movilizame.com.ar\/index.php?rest_route=%2Fwp%2Fv2%2Fproduct_cat&post=8312"},{"taxonomy":"product_tag","embeddable":true,"href":"https:\/\/parisparis.movilizame.com.ar\/index.php?rest_route=%2Fwp%2Fv2%2Fproduct_tag&post=8312"}],"curies":[{"name":"wp","href":"https:\/\/api.w.org\/{rel}","templated":true}]}}