{"id":7443,"date":"2025-06-23T21:55:25","date_gmt":"2025-06-24T00:55:25","guid":{"rendered":"http:\/\/wp-paris-paris.test\/?product=khamrah-qahwa-edp-100-ml-arabe"},"modified":"2025-11-12T11:30:26","modified_gmt":"2025-11-12T14:30:26","slug":"khamrah-qahwa-edp-100-ml-arabe","status":"publish","type":"product","link":"https:\/\/parisparis.movilizame.com.ar\/?product=khamrah-qahwa-edp-100-ml-arabe","title":{"rendered":"LATAFFA &#8211; KHAMRAH QAHWA EDP 100 ML"},"content":{"rendered":"<p><strong>Khamrah Qahwa<\/strong>&nbsp;de&nbsp;<strong>Lattafa Perfumes<\/strong>&nbsp;es una fragancia de la familia olfativa Oriental Vainilla UNISEX.<\/p>\n<p>Esta fragrancia se lanz\u00f3 en 2023.<\/p>\n<p>Notas de Salida son canela, cardamomo y jengibre.<\/p>\n<p>Notas de Coraz\u00f3n son pralin\u00e9, Frutas confitadas y flores blancas.<\/p>\n<p>Notas de Fondo son vainilla, caf\u00e9, haba tonka, benju\u00ed y almizcle.<\/p>\n<p><strong>U<\/strong>na bomba dulce. Comienza con notas que se sienten bastante marcadas: vainilla, pralin\u00e9, caf\u00e9 y canela&#8230;<\/p>\n<p>La vainilla y el pralin\u00e9 dominan al principio, ofreciendo una sensaci\u00f3n gourmand muy pronunciada, casi comestible, mientras que el caf\u00e9 le da un toque oscuro volviendo a la fragancia mucho m\u00e1s profunda.<br \/>\nEs un aroma&nbsp;intenso, su estela es pesada y su duraci\u00f3n es&nbsp;sorprendente&nbsp;ya que me dur\u00f3 nueve horas en piel y la ropa sigue oliendo a la fragancia.<\/p>\n","protected":false},"excerpt":{"rendered":"<p>Khamrah Qahwa&nbsp;de&nbsp;Lattafa Perfumes&nbsp;es una fragancia de la familia olfativa Oriental Vainilla UNISEX. Esta fragrancia se lanz\u00f3 en 2023. Notas de&#8230;<\/p>\n","protected":false},"featured_media":8154,"comment_status":"open","ping_status":"closed","template":"","meta":[],"product_brand":[1412],"product_cat":[1375,1254,1352,1408],"product_tag":[],"class_list":{"0":"post-7443","1":"product","2":"type-product","3":"status-publish","4":"has-post-thumbnail","6":"product_brand-lataffa","7":"product_cat-fragancias","8":"product_cat-marcas-importadas-","9":"product_cat-lattafa","10":"product_cat-perfumes-arabes","12":"first","13":"instock","14":"shipping-taxable","15":"purchasable","16":"product-type-simple"},"_links":{"self":[{"href":"https:\/\/parisparis.movilizame.com.ar\/index.php?rest_route=\/wp\/v2\/product\/7443","targetHints":{"allow":["GET"]}}],"collection":[{"href":"https:\/\/parisparis.movilizame.com.ar\/index.php?rest_route=\/wp\/v2\/product"}],"about":[{"href":"https:\/\/parisparis.movilizame.com.ar\/index.php?rest_route=\/wp\/v2\/types\/product"}],"replies":[{"embeddable":true,"href":"https:\/\/parisparis.movilizame.com.ar\/index.php?rest_route=%2Fwp%2Fv2%2Fcomments&post=7443"}],"wp:featuredmedia":[{"embeddable":true,"href":"https:\/\/parisparis.movilizame.com.ar\/index.php?rest_route=\/wp\/v2\/media\/8154"}],"wp:attachment":[{"href":"https:\/\/parisparis.movilizame.com.ar\/index.php?rest_route=%2Fwp%2Fv2%2Fmedia&parent=7443"}],"wp:term":[{"taxonomy":"product_brand","embeddable":true,"href":"https:\/\/parisparis.movilizame.com.ar\/index.php?rest_route=%2Fwp%2Fv2%2Fproduct_brand&post=7443"},{"taxonomy":"product_cat","embeddable":true,"href":"https:\/\/parisparis.movilizame.com.ar\/index.php?rest_route=%2Fwp%2Fv2%2Fproduct_cat&post=7443"},{"taxonomy":"product_tag","embeddable":true,"href":"https:\/\/parisparis.movilizame.com.ar\/index.php?rest_route=%2Fwp%2Fv2%2Fproduct_tag&post=7443"}],"curies":[{"name":"wp","href":"https:\/\/api.w.org\/{rel}","templated":true}]}}