{"id":7434,"date":"2025-05-26T22:36:12","date_gmt":"2025-05-27T01:36:12","guid":{"rendered":"http:\/\/wp-paris-paris.test\/?product=brillo-labial-hidratante-lip-oil-001-pink-flash-rimmel-london"},"modified":"2025-11-04T18:51:51","modified_gmt":"2025-11-04T21:51:51","slug":"brillo-labial-hidratante-lip-oil-001-pink-flash-rimmel-london","status":"publish","type":"product","link":"https:\/\/parisparis.movilizame.com.ar\/?product=brillo-labial-hidratante-lip-oil-001-pink-flash-rimmel-london","title":{"rendered":"RIMMEL &#8211; BRILLO LABIAL HIDRATANTE LIP OIL 001 PINK FLASH"},"content":{"rendered":"<p>Hidrata tus labios con una explosi\u00f3n jugosa de brillo nutritivo utilizando el nuevo Oh My Gloss! \u00a1Una sensaci\u00f3n adictiva en los labios!<\/p>\n<p>Restaura tus labios con un aceite rico que combina el acabado brillante de un brillo labial con el impulso de hidrataci\u00f3n de un b\u00e1lsamo labial, dejando un toque de color transparente e irresistible en 5 sabores jugosos y deliciosos.<\/p>\n<p>Suaves, sedosos y naturalmente rellenos.<\/p>\n<p>Se aplica con facilidad, deslizando suavemente con solo una pasada;este aceite labial viene con un aplicador de punta en forma de doe-foot.F\u00f3rmula clara y no pegajosa.<\/p>\n<p>Una f\u00f3rmula libre de crueldad y vegana.Los ingredientes activos clave incluyen aceite de coco para una hidrataci\u00f3n y confort intensos; aceite de semilla de frambuesa y aceitede maracuy\u00e1 para beneficios adicionales de hidrataci\u00f3n que hidratan,confortan y suavizan los labios; vitamina E que repone, restaura y protege los labios.<\/p>\n","protected":false},"excerpt":{"rendered":"<p>Hidrata tus labios con una explosi\u00f3n jugosa de brillo nutritivo utilizando el nuevo Oh My Gloss! \u00a1Una sensaci\u00f3n adictiva en&#8230;<\/p>\n","protected":false},"featured_media":8145,"comment_status":"open","ping_status":"closed","template":"","meta":[],"product_brand":[1436],"product_cat":[],"product_tag":[],"class_list":{"0":"post-7434","1":"product","2":"type-product","3":"status-publish","4":"has-post-thumbnail","6":"product_brand-rimmel","8":"first","9":"instock","10":"shipping-taxable","11":"purchasable","12":"product-type-simple"},"_links":{"self":[{"href":"https:\/\/parisparis.movilizame.com.ar\/index.php?rest_route=\/wp\/v2\/product\/7434","targetHints":{"allow":["GET"]}}],"collection":[{"href":"https:\/\/parisparis.movilizame.com.ar\/index.php?rest_route=\/wp\/v2\/product"}],"about":[{"href":"https:\/\/parisparis.movilizame.com.ar\/index.php?rest_route=\/wp\/v2\/types\/product"}],"replies":[{"embeddable":true,"href":"https:\/\/parisparis.movilizame.com.ar\/index.php?rest_route=%2Fwp%2Fv2%2Fcomments&post=7434"}],"wp:featuredmedia":[{"embeddable":true,"href":"https:\/\/parisparis.movilizame.com.ar\/index.php?rest_route=\/wp\/v2\/media\/8145"}],"wp:attachment":[{"href":"https:\/\/parisparis.movilizame.com.ar\/index.php?rest_route=%2Fwp%2Fv2%2Fmedia&parent=7434"}],"wp:term":[{"taxonomy":"product_brand","embeddable":true,"href":"https:\/\/parisparis.movilizame.com.ar\/index.php?rest_route=%2Fwp%2Fv2%2Fproduct_brand&post=7434"},{"taxonomy":"product_cat","embeddable":true,"href":"https:\/\/parisparis.movilizame.com.ar\/index.php?rest_route=%2Fwp%2Fv2%2Fproduct_cat&post=7434"},{"taxonomy":"product_tag","embeddable":true,"href":"https:\/\/parisparis.movilizame.com.ar\/index.php?rest_route=%2Fwp%2Fv2%2Fproduct_tag&post=7434"}],"curies":[{"name":"wp","href":"https:\/\/api.w.org\/{rel}","templated":true}]}}