{"id":7428,"date":"2025-05-26T21:17:07","date_gmt":"2025-05-27T00:17:07","guid":{"rendered":"http:\/\/wp-paris-paris.test\/?product=maybelline-mascara-de-pestanas-firework-very-black"},"modified":"2026-01-20T11:57:17","modified_gmt":"2026-01-20T14:57:17","slug":"maybelline-mascara-de-pestanas-firework-very-black","status":"publish","type":"product","link":"https:\/\/parisparis.movilizame.com.ar\/?product=maybelline-mascara-de-pestanas-firework-very-black","title":{"rendered":"MAYBELLINE &#8211; MASCARA DE PESTA\u00d1AS FIREWORK VERY BLACK"},"content":{"rendered":"<p>Transform\u00e1 tu mirada con la m\u00e1scara Lash Sensational Firework, tradicional y tambi\u00e9n a prueba de agua de Maybelline New York.<\/p>\n<p>Su innovador cepillo SuperSpark\u2122,con un dise\u00f1o en espiral inspirado en fuegos artificiales, despliega cada pesta\u00f1a creando un look 360\u00b0 de volumen explosivo y longitud impactante.La f\u00f3rmula en gel con Pro-Vitamina B5 se desliza suavemente, sin grumos,dejando las pesta\u00f1as acondicionadas. Disfruta de una mirada espectacular hasta por 24 horas, resistente al agua y a las manchas. Proporciona alargamiento extremo y volumen de impacto.<\/p>\n<p>F\u00f3rmula enriquecida con vitamina B5.Su cepillo Superspark, gracias al dise\u00f1o innovador de cerdas flexibles,alcanzan todas tus pesta\u00f1as.<\/p>\n<p>Consegu\u00ed una mirada explosiva y sin grumos.<\/p>\n","protected":false},"excerpt":{"rendered":"<p>Transform\u00e1 tu mirada con la m\u00e1scara Lash Sensational Firework, tradicional y tambi\u00e9n a prueba de agua de Maybelline New York&#8230;.<\/p>\n","protected":false},"featured_media":8139,"comment_status":"open","ping_status":"closed","template":"","meta":[],"product_brand":[1429],"product_cat":[],"product_tag":[],"class_list":{"0":"post-7428","1":"product","2":"type-product","3":"status-publish","4":"has-post-thumbnail","6":"product_brand-maybelline","8":"first","9":"instock","10":"shipping-taxable","11":"purchasable","12":"product-type-simple"},"_links":{"self":[{"href":"https:\/\/parisparis.movilizame.com.ar\/index.php?rest_route=\/wp\/v2\/product\/7428","targetHints":{"allow":["GET"]}}],"collection":[{"href":"https:\/\/parisparis.movilizame.com.ar\/index.php?rest_route=\/wp\/v2\/product"}],"about":[{"href":"https:\/\/parisparis.movilizame.com.ar\/index.php?rest_route=\/wp\/v2\/types\/product"}],"replies":[{"embeddable":true,"href":"https:\/\/parisparis.movilizame.com.ar\/index.php?rest_route=%2Fwp%2Fv2%2Fcomments&post=7428"}],"wp:featuredmedia":[{"embeddable":true,"href":"https:\/\/parisparis.movilizame.com.ar\/index.php?rest_route=\/wp\/v2\/media\/8139"}],"wp:attachment":[{"href":"https:\/\/parisparis.movilizame.com.ar\/index.php?rest_route=%2Fwp%2Fv2%2Fmedia&parent=7428"}],"wp:term":[{"taxonomy":"product_brand","embeddable":true,"href":"https:\/\/parisparis.movilizame.com.ar\/index.php?rest_route=%2Fwp%2Fv2%2Fproduct_brand&post=7428"},{"taxonomy":"product_cat","embeddable":true,"href":"https:\/\/parisparis.movilizame.com.ar\/index.php?rest_route=%2Fwp%2Fv2%2Fproduct_cat&post=7428"},{"taxonomy":"product_tag","embeddable":true,"href":"https:\/\/parisparis.movilizame.com.ar\/index.php?rest_route=%2Fwp%2Fv2%2Fproduct_tag&post=7428"}],"curies":[{"name":"wp","href":"https:\/\/api.w.org\/{rel}","templated":true}]}}