{"id":7424,"date":"2025-05-16T22:03:17","date_gmt":"2025-05-17T01:03:17","guid":{"rendered":"http:\/\/wp-paris-paris.test\/?product=wonder-bond-mascara-de-pestanas-rimmel"},"modified":"2025-11-04T18:54:02","modified_gmt":"2025-11-04T21:54:02","slug":"wonder-bond-mascara-de-pestanas-rimmel","status":"publish","type":"product","link":"https:\/\/parisparis.movilizame.com.ar\/?product=wonder-bond-mascara-de-pestanas-rimmel","title":{"rendered":"RIMMEL &#8211; WONDER BOND MASCARA DE PESTA\u00d1AS"},"content":{"rendered":"<h1>M\u00e1scara De Pesta\u00f1as Wonder&#8217;bond<\/h1>\n<p>La nueva m\u00e1scara de pesta\u00f1as Wonder&#8217;Bond Bonding Serum de Rimmel revitaliza las pesta\u00f1as al instante con una sola pasada para conseguir unas pesta\u00f1as m\u00e1s largas, suaves y sanas. Potenciada por el Complejo de Biotina, \u00a1Con hasta un 350% m\u00e1s de volumen! Inspirada en los s\u00e9rums reparadores, la f\u00f3rmula exclusiva de Rimmel mejora visiblemente la calidad de las pesta\u00f1as. \u2022 Complejo de biotina para una mayor longitud y resistencia \u2022 Crea una barrera protectora alrededor de las pesta\u00f1as \u2022 Ayuda a proteger contra la rotura de las pesta\u00f1as al retirar la m\u00e1scara \u2022 Hasta 24 horas de duraci\u00f3n, a prueba de manchas, grumos y escamas \u2022 Con cepillo de precisi\u00f3n para cubrir y levantar incluso las pesta\u00f1as m\u00e1s cortas de la ra\u00edz a las puntas \u2022 F\u00f3rmula vegana sin crueldad animal<\/p>\n","protected":false},"excerpt":{"rendered":"<p>M\u00e1scara De Pesta\u00f1as Wonder&#8217;bond La nueva m\u00e1scara de pesta\u00f1as Wonder&#8217;Bond Bonding Serum de Rimmel revitaliza las pesta\u00f1as al instante con&#8230;<\/p>\n","protected":false},"featured_media":8135,"comment_status":"open","ping_status":"closed","template":"","meta":[],"product_brand":[1436],"product_cat":[],"product_tag":[],"class_list":{"0":"post-7424","1":"product","2":"type-product","3":"status-publish","4":"has-post-thumbnail","6":"product_brand-rimmel","8":"first","9":"instock","10":"shipping-taxable","11":"purchasable","12":"product-type-simple"},"_links":{"self":[{"href":"https:\/\/parisparis.movilizame.com.ar\/index.php?rest_route=\/wp\/v2\/product\/7424","targetHints":{"allow":["GET"]}}],"collection":[{"href":"https:\/\/parisparis.movilizame.com.ar\/index.php?rest_route=\/wp\/v2\/product"}],"about":[{"href":"https:\/\/parisparis.movilizame.com.ar\/index.php?rest_route=\/wp\/v2\/types\/product"}],"replies":[{"embeddable":true,"href":"https:\/\/parisparis.movilizame.com.ar\/index.php?rest_route=%2Fwp%2Fv2%2Fcomments&post=7424"}],"wp:featuredmedia":[{"embeddable":true,"href":"https:\/\/parisparis.movilizame.com.ar\/index.php?rest_route=\/wp\/v2\/media\/8135"}],"wp:attachment":[{"href":"https:\/\/parisparis.movilizame.com.ar\/index.php?rest_route=%2Fwp%2Fv2%2Fmedia&parent=7424"}],"wp:term":[{"taxonomy":"product_brand","embeddable":true,"href":"https:\/\/parisparis.movilizame.com.ar\/index.php?rest_route=%2Fwp%2Fv2%2Fproduct_brand&post=7424"},{"taxonomy":"product_cat","embeddable":true,"href":"https:\/\/parisparis.movilizame.com.ar\/index.php?rest_route=%2Fwp%2Fv2%2Fproduct_cat&post=7424"},{"taxonomy":"product_tag","embeddable":true,"href":"https:\/\/parisparis.movilizame.com.ar\/index.php?rest_route=%2Fwp%2Fv2%2Fproduct_tag&post=7424"}],"curies":[{"name":"wp","href":"https:\/\/api.w.org\/{rel}","templated":true}]}}