{"id":7419,"date":"2025-04-25T15:35:59","date_gmt":"2025-04-25T18:35:59","guid":{"rendered":"http:\/\/wp-paris-paris.test\/?product=haya-edp-100-ml-arabe"},"modified":"2025-11-12T11:34:40","modified_gmt":"2025-11-12T14:34:40","slug":"haya-edp-100-ml-arabe","status":"publish","type":"product","link":"https:\/\/parisparis.movilizame.com.ar\/?product=haya-edp-100-ml-arabe","title":{"rendered":"LATAFFA &#8211; HAYA EDP 100 ML"},"content":{"rendered":"<h1>Haya<\/h1>\n<p>Haya de Lattafa es una fragancia de la familia olfativa frutal floral para Mujeres. Las Notas de Salida son champa\u00f1a, fresa, naranja sanguina, rosa y naranja tangerina; las Notas de Coraz\u00f3n son gardenia, jazm\u00edn y orqu\u00eddea de vainilla; las Notas de Fondo son s\u00e1ndalo, \u00e1mbar y casta\u00f1a.<\/p>\n<p>Su salida despliega una fusi\u00f3n vibrante de&nbsp;<strong>frambuesa, pimienta rosa y lim\u00f3n<\/strong>&nbsp;, creando un inicio chispeante, frutal y especiado que cautiva desde el primer instante.<\/p>\n<p>En el coraz\u00f3n, las notas de&nbsp;<strong>rosa, jazm\u00edn y \u00e1mbar<\/strong>&nbsp;aportan una calidez floral seductora, que equilibra dulzura y elegancia. Esta combinaci\u00f3n realza la feminidad y a\u00f1ade profundidad al bouquet. Finalmente, el fondo se asienta con la suavidad del&nbsp;<strong>almizcle, vainilla y s\u00e1ndalo<\/strong>&nbsp; otorgando una estela cremosa, sensual y duradera que deja huella donde vayas.<\/p>\n","protected":false},"excerpt":{"rendered":"<p>Haya Haya de Lattafa es una fragancia de la familia olfativa frutal floral para Mujeres. Las Notas de Salida son&#8230;<\/p>\n","protected":false},"featured_media":8130,"comment_status":"open","ping_status":"closed","template":"","meta":[],"product_brand":[1412],"product_cat":[1375,1254,1352,1408],"product_tag":[],"class_list":{"0":"post-7419","1":"product","2":"type-product","3":"status-publish","4":"has-post-thumbnail","6":"product_brand-lataffa","7":"product_cat-fragancias","8":"product_cat-marcas-importadas-","9":"product_cat-lattafa","10":"product_cat-perfumes-arabes","12":"first","13":"instock","14":"shipping-taxable","15":"purchasable","16":"product-type-simple"},"_links":{"self":[{"href":"https:\/\/parisparis.movilizame.com.ar\/index.php?rest_route=\/wp\/v2\/product\/7419","targetHints":{"allow":["GET"]}}],"collection":[{"href":"https:\/\/parisparis.movilizame.com.ar\/index.php?rest_route=\/wp\/v2\/product"}],"about":[{"href":"https:\/\/parisparis.movilizame.com.ar\/index.php?rest_route=\/wp\/v2\/types\/product"}],"replies":[{"embeddable":true,"href":"https:\/\/parisparis.movilizame.com.ar\/index.php?rest_route=%2Fwp%2Fv2%2Fcomments&post=7419"}],"wp:featuredmedia":[{"embeddable":true,"href":"https:\/\/parisparis.movilizame.com.ar\/index.php?rest_route=\/wp\/v2\/media\/8130"}],"wp:attachment":[{"href":"https:\/\/parisparis.movilizame.com.ar\/index.php?rest_route=%2Fwp%2Fv2%2Fmedia&parent=7419"}],"wp:term":[{"taxonomy":"product_brand","embeddable":true,"href":"https:\/\/parisparis.movilizame.com.ar\/index.php?rest_route=%2Fwp%2Fv2%2Fproduct_brand&post=7419"},{"taxonomy":"product_cat","embeddable":true,"href":"https:\/\/parisparis.movilizame.com.ar\/index.php?rest_route=%2Fwp%2Fv2%2Fproduct_cat&post=7419"},{"taxonomy":"product_tag","embeddable":true,"href":"https:\/\/parisparis.movilizame.com.ar\/index.php?rest_route=%2Fwp%2Fv2%2Fproduct_tag&post=7419"}],"curies":[{"name":"wp","href":"https:\/\/api.w.org\/{rel}","templated":true}]}}