{"id":7414,"date":"2025-04-21T21:46:50","date_gmt":"2025-04-22T00:46:50","guid":{"rendered":"http:\/\/wp-paris-paris.test\/?product=club-de-nuit-iconic-edp-100-ml-arabe"},"modified":"2025-11-15T11:42:27","modified_gmt":"2025-11-15T14:42:27","slug":"club-de-nuit-iconic-edp-100-ml-arabe","status":"publish","type":"product","link":"https:\/\/parisparis.movilizame.com.ar\/?product=club-de-nuit-iconic-edp-100-ml-arabe","title":{"rendered":"ARMAF &#8211; CLUB DE NUIT ICONIC EDP 105 ML"},"content":{"rendered":"<p><strong>Club de Nuit Blue Iconic<\/strong>\u00a0de\u00a0<strong>Armaf<\/strong>\u00a0es una fragancia de la familia olfativa para MASCULINA.<\/p>\n<p>Notas de Salida: toronja (pomelo), lim\u00f3n (lima \u00e1cida), menta, pimienta rosa y cilantro<\/p>\n<p>Notas de Coraz\u00f3n:\u00a0jengibre, mel\u00f3n, jazm\u00edn y nuez moscada<\/p>\n<p>Notas de Fondo: notas amaderadas, incienso, \u00e1mbar, s\u00e1ndalo, cedro, pachul\u00ed y l\u00e1dano.<\/p>\n<p>Es fresco, especiado, amaderado, y todo a la vez, como si cada nota hubiera firmado un acuerdo para impresionar al primer contacto.<\/p>\n<p>Tiene el don de encajar, es perfume de impacto.<\/p>\n","protected":false},"excerpt":{"rendered":"<p>Club de Nuit Blue Iconic\u00a0de\u00a0Armaf\u00a0es una fragancia de la familia olfativa para MASCULINA. Notas de Salida: toronja (pomelo), lim\u00f3n (lima&#8230;<\/p>\n","protected":false},"featured_media":8125,"comment_status":"open","ping_status":"closed","template":"","meta":[],"product_brand":[1415],"product_cat":[],"product_tag":[],"class_list":{"0":"post-7414","1":"product","2":"type-product","3":"status-publish","4":"has-post-thumbnail","6":"product_brand-armaf","8":"first","9":"instock","10":"shipping-taxable","11":"purchasable","12":"product-type-simple"},"_links":{"self":[{"href":"https:\/\/parisparis.movilizame.com.ar\/index.php?rest_route=\/wp\/v2\/product\/7414","targetHints":{"allow":["GET"]}}],"collection":[{"href":"https:\/\/parisparis.movilizame.com.ar\/index.php?rest_route=\/wp\/v2\/product"}],"about":[{"href":"https:\/\/parisparis.movilizame.com.ar\/index.php?rest_route=\/wp\/v2\/types\/product"}],"replies":[{"embeddable":true,"href":"https:\/\/parisparis.movilizame.com.ar\/index.php?rest_route=%2Fwp%2Fv2%2Fcomments&post=7414"}],"wp:featuredmedia":[{"embeddable":true,"href":"https:\/\/parisparis.movilizame.com.ar\/index.php?rest_route=\/wp\/v2\/media\/8125"}],"wp:attachment":[{"href":"https:\/\/parisparis.movilizame.com.ar\/index.php?rest_route=%2Fwp%2Fv2%2Fmedia&parent=7414"}],"wp:term":[{"taxonomy":"product_brand","embeddable":true,"href":"https:\/\/parisparis.movilizame.com.ar\/index.php?rest_route=%2Fwp%2Fv2%2Fproduct_brand&post=7414"},{"taxonomy":"product_cat","embeddable":true,"href":"https:\/\/parisparis.movilizame.com.ar\/index.php?rest_route=%2Fwp%2Fv2%2Fproduct_cat&post=7414"},{"taxonomy":"product_tag","embeddable":true,"href":"https:\/\/parisparis.movilizame.com.ar\/index.php?rest_route=%2Fwp%2Fv2%2Fproduct_tag&post=7414"}],"curies":[{"name":"wp","href":"https:\/\/api.w.org\/{rel}","templated":true}]}}