{"id":7381,"date":"2025-02-23T16:04:16","date_gmt":"2025-02-23T19:04:16","guid":{"rendered":"http:\/\/wp-paris-paris.test\/?product=club-de-nuit-intense-edt-105-ml-armaf"},"modified":"2025-11-15T11:44:56","modified_gmt":"2025-11-15T14:44:56","slug":"club-de-nuit-intense-edt-105-ml-armaf","status":"publish","type":"product","link":"https:\/\/parisparis.movilizame.com.ar\/?product=club-de-nuit-intense-edt-105-ml-armaf","title":{"rendered":"ARMAF &#8211; CLUB DE NUIT INTENSE EDT 105 ML"},"content":{"rendered":"<p>&nbsp;<\/p>\n<p><strong>Club de Nuit Intense Man<\/strong>\u00a0de\u00a0<strong>Armaf<\/strong>\u00a0es una fragancia de la familia olfativa Amaderada Especiada para Hombres.<\/p>\n<p><strong>Club de Nuit Intense Man<\/strong>.<\/p>\n<p>Notas de Salida son lim\u00f3n (lima \u00e1cida), pi\u00f1a, bergamota, grosellas negras y manzana.<\/p>\n<p>Notas de Coraz\u00f3n son abedul, jazm\u00edn y rosa.<\/p>\n<p>Notas de Fondo son almizcle, \u00e1mbar gris, pachul\u00ed y vainilla.<\/p>\n","protected":false},"excerpt":{"rendered":"<p>&nbsp; Club de Nuit Intense Man\u00a0de\u00a0Armaf\u00a0es una fragancia de la familia olfativa Amaderada Especiada para Hombres. Club de Nuit Intense&#8230;<\/p>\n","protected":false},"featured_media":8093,"comment_status":"open","ping_status":"closed","template":"","meta":[],"product_brand":[1415],"product_cat":[],"product_tag":[],"class_list":{"0":"post-7381","1":"product","2":"type-product","3":"status-publish","4":"has-post-thumbnail","6":"product_brand-armaf","8":"first","9":"instock","10":"shipping-taxable","11":"purchasable","12":"product-type-simple"},"_links":{"self":[{"href":"https:\/\/parisparis.movilizame.com.ar\/index.php?rest_route=\/wp\/v2\/product\/7381","targetHints":{"allow":["GET"]}}],"collection":[{"href":"https:\/\/parisparis.movilizame.com.ar\/index.php?rest_route=\/wp\/v2\/product"}],"about":[{"href":"https:\/\/parisparis.movilizame.com.ar\/index.php?rest_route=\/wp\/v2\/types\/product"}],"replies":[{"embeddable":true,"href":"https:\/\/parisparis.movilizame.com.ar\/index.php?rest_route=%2Fwp%2Fv2%2Fcomments&post=7381"}],"wp:featuredmedia":[{"embeddable":true,"href":"https:\/\/parisparis.movilizame.com.ar\/index.php?rest_route=\/wp\/v2\/media\/8093"}],"wp:attachment":[{"href":"https:\/\/parisparis.movilizame.com.ar\/index.php?rest_route=%2Fwp%2Fv2%2Fmedia&parent=7381"}],"wp:term":[{"taxonomy":"product_brand","embeddable":true,"href":"https:\/\/parisparis.movilizame.com.ar\/index.php?rest_route=%2Fwp%2Fv2%2Fproduct_brand&post=7381"},{"taxonomy":"product_cat","embeddable":true,"href":"https:\/\/parisparis.movilizame.com.ar\/index.php?rest_route=%2Fwp%2Fv2%2Fproduct_cat&post=7381"},{"taxonomy":"product_tag","embeddable":true,"href":"https:\/\/parisparis.movilizame.com.ar\/index.php?rest_route=%2Fwp%2Fv2%2Fproduct_tag&post=7381"}],"curies":[{"name":"wp","href":"https:\/\/api.w.org\/{rel}","templated":true}]}}