{"id":7378,"date":"2025-01-04T17:16:51","date_gmt":"2025-01-04T20:16:51","guid":{"rendered":"http:\/\/wp-paris-paris.test\/?product=messi-eau-de-parfum-100-ml"},"modified":"2025-11-06T12:25:09","modified_gmt":"2025-11-06T15:25:09","slug":"messi-eau-de-parfum-100-ml","status":"publish","type":"product","link":"https:\/\/parisparis.movilizame.com.ar\/?product=messi-eau-de-parfum-100-ml","title":{"rendered":"MESSI &#8211; EAU DE PARFUM 100 ML"},"content":{"rendered":"<p>Notas de salida: Cardamomo fresco, hoja de manzana y cipr\u00e9s silvestre<br \/>\nNotas de coraz\u00f3n: Ra\u00edz de iris, lavanda y cuero<br \/>\nNotas de fondo: madera de cedro virginia, vainilla y pachuli<\/p>\n<p>La nueva fragancia MESSI representa a Leo en s\u00ed mismo: su nombre, su identidad y su versi\u00f3n de lujo.<\/p>\n<p>Esta nueva fragancia para hombres se asienta en un rico \u00e1mbar fougere que con su prestigio y rareza garantizan una durabilidad \u00fanica.<br \/>\nPor sus notas de coraz\u00f3n irradia sofisticaci\u00f3n y elegancia.<\/p>\n<p>La fragancia se revela con frescura, con notas como el cardamomo y la manzana que imparten vitalidad y dinamismo, sugieren energ\u00eda y cautivan los sentidos desde el primer momento.<\/p>\n","protected":false},"excerpt":{"rendered":"<p>Notas de salida: Cardamomo fresco, hoja de manzana y cipr\u00e9s silvestre Notas de coraz\u00f3n: Ra\u00edz de iris, lavanda y cuero&#8230;<\/p>\n","protected":false},"featured_media":8090,"comment_status":"open","ping_status":"closed","template":"","meta":[],"product_brand":[1446],"product_cat":[],"product_tag":[],"class_list":{"0":"post-7378","1":"product","2":"type-product","3":"status-publish","4":"has-post-thumbnail","6":"product_brand-messi","8":"first","9":"instock","10":"shipping-taxable","11":"purchasable","12":"product-type-simple"},"_links":{"self":[{"href":"https:\/\/parisparis.movilizame.com.ar\/index.php?rest_route=\/wp\/v2\/product\/7378","targetHints":{"allow":["GET"]}}],"collection":[{"href":"https:\/\/parisparis.movilizame.com.ar\/index.php?rest_route=\/wp\/v2\/product"}],"about":[{"href":"https:\/\/parisparis.movilizame.com.ar\/index.php?rest_route=\/wp\/v2\/types\/product"}],"replies":[{"embeddable":true,"href":"https:\/\/parisparis.movilizame.com.ar\/index.php?rest_route=%2Fwp%2Fv2%2Fcomments&post=7378"}],"wp:featuredmedia":[{"embeddable":true,"href":"https:\/\/parisparis.movilizame.com.ar\/index.php?rest_route=\/wp\/v2\/media\/8090"}],"wp:attachment":[{"href":"https:\/\/parisparis.movilizame.com.ar\/index.php?rest_route=%2Fwp%2Fv2%2Fmedia&parent=7378"}],"wp:term":[{"taxonomy":"product_brand","embeddable":true,"href":"https:\/\/parisparis.movilizame.com.ar\/index.php?rest_route=%2Fwp%2Fv2%2Fproduct_brand&post=7378"},{"taxonomy":"product_cat","embeddable":true,"href":"https:\/\/parisparis.movilizame.com.ar\/index.php?rest_route=%2Fwp%2Fv2%2Fproduct_cat&post=7378"},{"taxonomy":"product_tag","embeddable":true,"href":"https:\/\/parisparis.movilizame.com.ar\/index.php?rest_route=%2Fwp%2Fv2%2Fproduct_tag&post=7378"}],"curies":[{"name":"wp","href":"https:\/\/api.w.org\/{rel}","templated":true}]}}