{"id":7361,"date":"2024-09-14T23:13:03","date_gmt":"2024-09-15T02:13:03","guid":{"rendered":"http:\/\/wp-paris-paris.test\/?product=ysl-libre-edp-x-90-ml"},"modified":"2026-03-03T18:58:43","modified_gmt":"2026-03-03T21:58:43","slug":"ysl-libre-edp-x-90-ml","status":"publish","type":"product","link":"https:\/\/parisparis.movilizame.com.ar\/?product=ysl-libre-edp-x-90-ml","title":{"rendered":"YSL &#8211; LIBRE EDP 90 ML"},"content":{"rendered":"<p>Libre rinde homenaje al valor m\u00e1s duradero y que mejor define a YSL: la libertad. La libertad de ser t\u00fa misma. La libertad de elegir. La libertad de vivirlo todo al m\u00e1ximo. Sin compromisos. Tus propias normas.<\/p>\n<p><strong>Notas de salida:\u00a0<\/strong>Mandarina, lavanda, grosellas negras y petit grain.<br \/>\n<strong>Notas de coraz\u00f3n:\u00a0<\/strong>Jazm\u00edn, lavanda y flor de azahar del naranjo.<br \/>\n<strong>Notas de fondo:\u00a0<\/strong>Vainilla de Madagascar, cedro, \u00e1mbar gris y almizcle.<\/p>\n","protected":false},"excerpt":{"rendered":"<p>Libre rinde homenaje al valor m\u00e1s duradero y que mejor define a YSL: la libertad. La libertad de ser t\u00fa&#8230;<\/p>\n","protected":false},"featured_media":8073,"comment_status":"open","ping_status":"closed","template":"","meta":[],"product_brand":[1448],"product_cat":[],"product_tag":[],"class_list":{"0":"post-7361","1":"product","2":"type-product","3":"status-publish","4":"has-post-thumbnail","6":"product_brand-ysl","8":"first","9":"instock","10":"shipping-taxable","11":"purchasable","12":"product-type-simple"},"_links":{"self":[{"href":"https:\/\/parisparis.movilizame.com.ar\/index.php?rest_route=\/wp\/v2\/product\/7361","targetHints":{"allow":["GET"]}}],"collection":[{"href":"https:\/\/parisparis.movilizame.com.ar\/index.php?rest_route=\/wp\/v2\/product"}],"about":[{"href":"https:\/\/parisparis.movilizame.com.ar\/index.php?rest_route=\/wp\/v2\/types\/product"}],"replies":[{"embeddable":true,"href":"https:\/\/parisparis.movilizame.com.ar\/index.php?rest_route=%2Fwp%2Fv2%2Fcomments&post=7361"}],"wp:featuredmedia":[{"embeddable":true,"href":"https:\/\/parisparis.movilizame.com.ar\/index.php?rest_route=\/wp\/v2\/media\/8073"}],"wp:attachment":[{"href":"https:\/\/parisparis.movilizame.com.ar\/index.php?rest_route=%2Fwp%2Fv2%2Fmedia&parent=7361"}],"wp:term":[{"taxonomy":"product_brand","embeddable":true,"href":"https:\/\/parisparis.movilizame.com.ar\/index.php?rest_route=%2Fwp%2Fv2%2Fproduct_brand&post=7361"},{"taxonomy":"product_cat","embeddable":true,"href":"https:\/\/parisparis.movilizame.com.ar\/index.php?rest_route=%2Fwp%2Fv2%2Fproduct_cat&post=7361"},{"taxonomy":"product_tag","embeddable":true,"href":"https:\/\/parisparis.movilizame.com.ar\/index.php?rest_route=%2Fwp%2Fv2%2Fproduct_tag&post=7361"}],"curies":[{"name":"wp","href":"https:\/\/api.w.org\/{rel}","templated":true}]}}