{"id":7311,"date":"2023-12-27T14:17:33","date_gmt":"2023-12-27T17:17:33","guid":{"rendered":"http:\/\/wp-paris-paris.test\/?product=epica-edition-dor-edp-50-ml"},"modified":"2025-11-18T18:50:08","modified_gmt":"2025-11-18T21:50:08","slug":"epica-edition-dor-edp-50-ml","status":"publish","type":"product","link":"https:\/\/parisparis.movilizame.com.ar\/?product=epica-edition-dor-edp-50-ml","title":{"rendered":"EPICA &#8211; EDITION D\u00b4OR EDP 50 ML"},"content":{"rendered":"<p>Edition D\u00b4Or, un eau de parfum floral frutal chipre<\/p>\n<p>&nbsp;<\/p>\n<p>Notas de Salida: Toronja, Bergamota, Pimienta Roja<\/p>\n<p>Notas de Coraz\u00f3n: Peon\u00eda, Jazm\u00edn, Iris<\/p>\n<p>Notas de Fondo: Musk, Patchouli, Cedro<\/p>\n","protected":false},"excerpt":{"rendered":"<p>Edition D\u00b4Or, un eau de parfum floral frutal chipre &nbsp; Notas de Salida: Toronja, Bergamota, Pimienta Roja Notas de Coraz\u00f3n:&#8230;<\/p>\n","protected":false},"featured_media":8024,"comment_status":"open","ping_status":"closed","template":"","meta":[],"product_brand":[1441],"product_cat":[],"product_tag":[],"class_list":{"0":"post-7311","1":"product","2":"type-product","3":"status-publish","4":"has-post-thumbnail","6":"product_brand-epica","8":"first","9":"instock","10":"shipping-taxable","11":"purchasable","12":"product-type-simple"},"_links":{"self":[{"href":"https:\/\/parisparis.movilizame.com.ar\/index.php?rest_route=\/wp\/v2\/product\/7311","targetHints":{"allow":["GET"]}}],"collection":[{"href":"https:\/\/parisparis.movilizame.com.ar\/index.php?rest_route=\/wp\/v2\/product"}],"about":[{"href":"https:\/\/parisparis.movilizame.com.ar\/index.php?rest_route=\/wp\/v2\/types\/product"}],"replies":[{"embeddable":true,"href":"https:\/\/parisparis.movilizame.com.ar\/index.php?rest_route=%2Fwp%2Fv2%2Fcomments&post=7311"}],"wp:featuredmedia":[{"embeddable":true,"href":"https:\/\/parisparis.movilizame.com.ar\/index.php?rest_route=\/wp\/v2\/media\/8024"}],"wp:attachment":[{"href":"https:\/\/parisparis.movilizame.com.ar\/index.php?rest_route=%2Fwp%2Fv2%2Fmedia&parent=7311"}],"wp:term":[{"taxonomy":"product_brand","embeddable":true,"href":"https:\/\/parisparis.movilizame.com.ar\/index.php?rest_route=%2Fwp%2Fv2%2Fproduct_brand&post=7311"},{"taxonomy":"product_cat","embeddable":true,"href":"https:\/\/parisparis.movilizame.com.ar\/index.php?rest_route=%2Fwp%2Fv2%2Fproduct_cat&post=7311"},{"taxonomy":"product_tag","embeddable":true,"href":"https:\/\/parisparis.movilizame.com.ar\/index.php?rest_route=%2Fwp%2Fv2%2Fproduct_tag&post=7311"}],"curies":[{"name":"wp","href":"https:\/\/api.w.org\/{rel}","templated":true}]}}