{"id":7287,"date":"2023-10-03T13:36:11","date_gmt":"2023-10-03T16:36:11","guid":{"rendered":"http:\/\/wp-paris-paris.test\/?product=mascara-capilar-coconut-miracle-oil-168gr"},"modified":"2025-10-13T12:54:02","modified_gmt":"2025-10-13T15:54:02","slug":"mascara-capilar-coconut-miracle-oil-168gr","status":"publish","type":"product","link":"https:\/\/parisparis.movilizame.com.ar\/?product=mascara-capilar-coconut-miracle-oil-168gr","title":{"rendered":"OGX &#8211; MASCARA CAPILAR COCONUT MIRACLE OIL 168gr"},"content":{"rendered":"<p>Ideal para texturas medias a gruesas, niveles de hidrataci\u00f3n medios a secos y tipos de cabello con volumen medio a alto, el tratamiento diario de acondicionamiento profundo apaga cada mech\u00f3n para ayudar a controlar el cabello encrespado y suelto, transformando el cabello en una perfecci\u00f3n\u00a0suave y sedosa. La mezcla nutritiva contiene aceite de coco para ayudar a agregar lustre, brillo y suavidad al cabello junto con extracto de vaina de vainilla y esencia de tiare, un aceite perfumado infundido elaborado al remojar los p\u00e9talos en aceite de coco. Adem\u00e1s, el aroma c\u00e1lido de leche de coco, mandarina y vainilla hace que el cuidado del cabello sea una experiencia sensorial completa y deja los mechones con un olor irresistiblemente bueno.<\/p>\n<p>Contenido: 168 gr<\/p>\n","protected":false},"excerpt":{"rendered":"<p>Ideal para texturas medias a gruesas, niveles de hidrataci\u00f3n medios a secos y tipos de cabello con volumen medio a&#8230;<\/p>\n","protected":false},"featured_media":8002,"comment_status":"open","ping_status":"closed","template":"","meta":[],"product_brand":[1468],"product_cat":[],"product_tag":[],"class_list":{"0":"post-7287","1":"product","2":"type-product","3":"status-publish","4":"has-post-thumbnail","6":"product_brand-ogx","8":"first","9":"instock","10":"shipping-taxable","11":"purchasable","12":"product-type-simple"},"_links":{"self":[{"href":"https:\/\/parisparis.movilizame.com.ar\/index.php?rest_route=\/wp\/v2\/product\/7287","targetHints":{"allow":["GET"]}}],"collection":[{"href":"https:\/\/parisparis.movilizame.com.ar\/index.php?rest_route=\/wp\/v2\/product"}],"about":[{"href":"https:\/\/parisparis.movilizame.com.ar\/index.php?rest_route=\/wp\/v2\/types\/product"}],"replies":[{"embeddable":true,"href":"https:\/\/parisparis.movilizame.com.ar\/index.php?rest_route=%2Fwp%2Fv2%2Fcomments&post=7287"}],"wp:featuredmedia":[{"embeddable":true,"href":"https:\/\/parisparis.movilizame.com.ar\/index.php?rest_route=\/wp\/v2\/media\/8002"}],"wp:attachment":[{"href":"https:\/\/parisparis.movilizame.com.ar\/index.php?rest_route=%2Fwp%2Fv2%2Fmedia&parent=7287"}],"wp:term":[{"taxonomy":"product_brand","embeddable":true,"href":"https:\/\/parisparis.movilizame.com.ar\/index.php?rest_route=%2Fwp%2Fv2%2Fproduct_brand&post=7287"},{"taxonomy":"product_cat","embeddable":true,"href":"https:\/\/parisparis.movilizame.com.ar\/index.php?rest_route=%2Fwp%2Fv2%2Fproduct_cat&post=7287"},{"taxonomy":"product_tag","embeddable":true,"href":"https:\/\/parisparis.movilizame.com.ar\/index.php?rest_route=%2Fwp%2Fv2%2Fproduct_tag&post=7287"}],"curies":[{"name":"wp","href":"https:\/\/api.w.org\/{rel}","templated":true}]}}