{"id":7279,"date":"2023-10-02T15:12:28","date_gmt":"2023-10-02T18:12:28","guid":{"rendered":"http:\/\/wp-paris-paris.test\/?product=shampoo-pelo-mixto-2"},"modified":"2026-02-04T17:47:36","modified_gmt":"2026-02-04T20:47:36","slug":"shampoo-pelo-mixto-2","status":"publish","type":"product","link":"https:\/\/parisparis.movilizame.com.ar\/?product=shampoo-pelo-mixto-2","title":{"rendered":"CAPILATIS &#8211; PELO MIXTO ACONDICIONADOR 420 ML"},"content":{"rendered":"<p><strong>El Acondicionador Pelo Mixto est\u00e1 formulado con ortiga blanca y rosa mosqueta<\/strong>, una combinaci\u00f3n de extractos naturales puros que mantiene\u00a0<strong>libre de oleosidad<\/strong>\u00a0al cabello otorgando hidrataci\u00f3n y suavidad en largos y puntas.<\/p>\n<p>Acondicionador de uso frecuente que aporta cuerpo,\u00a0<strong>brillo y sedosidad<\/strong>\u00a0sin sobrecargar al cabello, logrando un perfecto balance entre pureza e hidrataci\u00f3n.<\/p>\n<p>SIN SILICONAS. SIN PARABENOS. SIN COLORANTES.<\/p>\n<p>Contenido: 420 ml<\/p>\n<p><strong>Modo de uso:<\/strong><\/p>\n<p><strong>Aplicar en largos y puntas masajeando suavemente. Dejar actuar unos minutos y enjuagar con agua tibia.<\/strong>\u00a0Mantener fuera del alcance de los ni\u00f1os. En caso de contacto con los ojos enjuagar con abundante agua, sin restregar. De percibir alguna reacci\u00f3n desfavorable, suspender su uso y consultar a un m\u00e9dico. Este producto no est\u00e1 formulado para su uso en ni\u00f1os.<\/p>\n<p>&nbsp;<\/p>\n","protected":false},"excerpt":{"rendered":"<p>El Acondicionador Pelo Mixto est\u00e1 formulado con ortiga blanca y rosa mosqueta, una combinaci\u00f3n de extractos naturales puros que mantiene\u00a0libre&#8230;<\/p>\n","protected":false},"featured_media":7998,"comment_status":"open","ping_status":"closed","template":"","meta":[],"product_brand":[1458],"product_cat":[],"product_tag":[],"class_list":{"0":"post-7279","1":"product","2":"type-product","3":"status-publish","4":"has-post-thumbnail","6":"product_brand-capilatis","8":"first","9":"instock","10":"shipping-taxable","11":"purchasable","12":"product-type-simple"},"_links":{"self":[{"href":"https:\/\/parisparis.movilizame.com.ar\/index.php?rest_route=\/wp\/v2\/product\/7279","targetHints":{"allow":["GET"]}}],"collection":[{"href":"https:\/\/parisparis.movilizame.com.ar\/index.php?rest_route=\/wp\/v2\/product"}],"about":[{"href":"https:\/\/parisparis.movilizame.com.ar\/index.php?rest_route=\/wp\/v2\/types\/product"}],"replies":[{"embeddable":true,"href":"https:\/\/parisparis.movilizame.com.ar\/index.php?rest_route=%2Fwp%2Fv2%2Fcomments&post=7279"}],"wp:featuredmedia":[{"embeddable":true,"href":"https:\/\/parisparis.movilizame.com.ar\/index.php?rest_route=\/wp\/v2\/media\/7998"}],"wp:attachment":[{"href":"https:\/\/parisparis.movilizame.com.ar\/index.php?rest_route=%2Fwp%2Fv2%2Fmedia&parent=7279"}],"wp:term":[{"taxonomy":"product_brand","embeddable":true,"href":"https:\/\/parisparis.movilizame.com.ar\/index.php?rest_route=%2Fwp%2Fv2%2Fproduct_brand&post=7279"},{"taxonomy":"product_cat","embeddable":true,"href":"https:\/\/parisparis.movilizame.com.ar\/index.php?rest_route=%2Fwp%2Fv2%2Fproduct_cat&post=7279"},{"taxonomy":"product_tag","embeddable":true,"href":"https:\/\/parisparis.movilizame.com.ar\/index.php?rest_route=%2Fwp%2Fv2%2Fproduct_tag&post=7279"}],"curies":[{"name":"wp","href":"https:\/\/api.w.org\/{rel}","templated":true}]}}