{"id":7252,"date":"2023-09-29T13:20:56","date_gmt":"2023-09-29T16:20:56","guid":{"rendered":"http:\/\/wp-paris-paris.test\/?product=super-stay-vinyl-ink-nude"},"modified":"2026-01-20T12:05:44","modified_gmt":"2026-01-20T15:05:44","slug":"super-stay-vinyl-ink-nude","status":"publish","type":"product","link":"https:\/\/parisparis.movilizame.com.ar\/?product=super-stay-vinyl-ink-nude","title":{"rendered":"MAYBELLINE &#8211; SUPER STAY VINYL INK NUDE"},"content":{"rendered":"<p>El nuevo labial l\u00edquido SuperStay Vinyl Ink le da a tus labios un efecto vinilo de larga duraci\u00f3n. Consegu\u00ed un brillo instant\u00e1neo que dura hasta 16 horas.<\/p>\n<p>Obten\u00e9un color de impacto con un acabado vinilo brillante en tus labios que no se corre ni se transfiere, hasta 16 horas de duraci\u00f3n de color intenso con una textura confortable. Adem\u00e1s de tener una f\u00f3rmula vegana enriquecida con Vitamina E y aloe para una sensaci\u00f3n c\u00f3moda en tus labios.<\/p>\n<p><strong>CONSULTAR DISPONIBILIDAD DE TONOS<\/strong><\/p>\n","protected":false},"excerpt":{"rendered":"<p>El nuevo labial l\u00edquido SuperStay Vinyl Ink le da a tus labios un efecto vinilo de larga duraci\u00f3n. Consegu\u00ed un&#8230;<\/p>\n","protected":false},"featured_media":7975,"comment_status":"open","ping_status":"closed","template":"","meta":[],"product_brand":[1429],"product_cat":[],"product_tag":[],"class_list":{"0":"post-7252","1":"product","2":"type-product","3":"status-publish","4":"has-post-thumbnail","6":"product_brand-maybelline","8":"first","9":"instock","10":"shipping-taxable","11":"purchasable","12":"product-type-simple"},"_links":{"self":[{"href":"https:\/\/parisparis.movilizame.com.ar\/index.php?rest_route=\/wp\/v2\/product\/7252","targetHints":{"allow":["GET"]}}],"collection":[{"href":"https:\/\/parisparis.movilizame.com.ar\/index.php?rest_route=\/wp\/v2\/product"}],"about":[{"href":"https:\/\/parisparis.movilizame.com.ar\/index.php?rest_route=\/wp\/v2\/types\/product"}],"replies":[{"embeddable":true,"href":"https:\/\/parisparis.movilizame.com.ar\/index.php?rest_route=%2Fwp%2Fv2%2Fcomments&post=7252"}],"wp:featuredmedia":[{"embeddable":true,"href":"https:\/\/parisparis.movilizame.com.ar\/index.php?rest_route=\/wp\/v2\/media\/7975"}],"wp:attachment":[{"href":"https:\/\/parisparis.movilizame.com.ar\/index.php?rest_route=%2Fwp%2Fv2%2Fmedia&parent=7252"}],"wp:term":[{"taxonomy":"product_brand","embeddable":true,"href":"https:\/\/parisparis.movilizame.com.ar\/index.php?rest_route=%2Fwp%2Fv2%2Fproduct_brand&post=7252"},{"taxonomy":"product_cat","embeddable":true,"href":"https:\/\/parisparis.movilizame.com.ar\/index.php?rest_route=%2Fwp%2Fv2%2Fproduct_cat&post=7252"},{"taxonomy":"product_tag","embeddable":true,"href":"https:\/\/parisparis.movilizame.com.ar\/index.php?rest_route=%2Fwp%2Fv2%2Fproduct_tag&post=7252"}],"curies":[{"name":"wp","href":"https:\/\/api.w.org\/{rel}","templated":true}]}}