{"id":7249,"date":"2023-09-28T20:30:46","date_gmt":"2023-09-28T23:30:46","guid":{"rendered":"http:\/\/wp-paris-paris.test\/?product=toy-2-edp-x-100-ml"},"modified":"2026-03-04T10:54:07","modified_gmt":"2026-03-04T13:54:07","slug":"toy-2-edp-x-100-ml","status":"publish","type":"product","link":"https:\/\/parisparis.movilizame.com.ar\/?product=toy-2-edp-x-100-ml","title":{"rendered":"MOSCHINO &#8211; TOY 2 EDP 100 ML"},"content":{"rendered":"<p>Notas de Salida: manzana, mandarina y magnolia<\/p>\n<p>Notas de Coraz\u00f3n: grosella blanca, peon\u00eda y jazm\u00edn<\/p>\n<p>Notas de Fondo:\u00a0almizcle, Amberwood y s\u00e1ndalo.<\/p>\n","protected":false},"excerpt":{"rendered":"<p>Notas de Salida: manzana, mandarina y magnolia Notas de Coraz\u00f3n: grosella blanca, peon\u00eda y jazm\u00edn Notas de Fondo:\u00a0almizcle, Amberwood y&#8230;<\/p>\n","protected":false},"featured_media":7973,"comment_status":"open","ping_status":"closed","template":"","meta":[],"product_brand":[1471],"product_cat":[],"product_tag":[],"class_list":{"0":"post-7249","1":"product","2":"type-product","3":"status-publish","4":"has-post-thumbnail","6":"product_brand-moschino","8":"first","9":"instock","10":"shipping-taxable","11":"purchasable","12":"product-type-simple"},"_links":{"self":[{"href":"https:\/\/parisparis.movilizame.com.ar\/index.php?rest_route=\/wp\/v2\/product\/7249","targetHints":{"allow":["GET"]}}],"collection":[{"href":"https:\/\/parisparis.movilizame.com.ar\/index.php?rest_route=\/wp\/v2\/product"}],"about":[{"href":"https:\/\/parisparis.movilizame.com.ar\/index.php?rest_route=\/wp\/v2\/types\/product"}],"replies":[{"embeddable":true,"href":"https:\/\/parisparis.movilizame.com.ar\/index.php?rest_route=%2Fwp%2Fv2%2Fcomments&post=7249"}],"wp:featuredmedia":[{"embeddable":true,"href":"https:\/\/parisparis.movilizame.com.ar\/index.php?rest_route=\/wp\/v2\/media\/7973"}],"wp:attachment":[{"href":"https:\/\/parisparis.movilizame.com.ar\/index.php?rest_route=%2Fwp%2Fv2%2Fmedia&parent=7249"}],"wp:term":[{"taxonomy":"product_brand","embeddable":true,"href":"https:\/\/parisparis.movilizame.com.ar\/index.php?rest_route=%2Fwp%2Fv2%2Fproduct_brand&post=7249"},{"taxonomy":"product_cat","embeddable":true,"href":"https:\/\/parisparis.movilizame.com.ar\/index.php?rest_route=%2Fwp%2Fv2%2Fproduct_cat&post=7249"},{"taxonomy":"product_tag","embeddable":true,"href":"https:\/\/parisparis.movilizame.com.ar\/index.php?rest_route=%2Fwp%2Fv2%2Fproduct_tag&post=7249"}],"curies":[{"name":"wp","href":"https:\/\/api.w.org\/{rel}","templated":true}]}}