{"id":7226,"date":"2023-09-23T20:28:55","date_gmt":"2023-09-23T23:28:55","guid":{"rendered":"http:\/\/wp-paris-paris.test\/?product=marchand-d-aromes-le-tanneur-x-120-ml"},"modified":"2025-11-06T12:47:10","modified_gmt":"2025-11-06T15:47:10","slug":"marchand-d-aromes-le-tanneur-x-120-ml","status":"publish","type":"product","link":"https:\/\/parisparis.movilizame.com.ar\/?product=marchand-d-aromes-le-tanneur-x-120-ml","title":{"rendered":"MARCHAND DE AROMES &#8211; LE TANNEUR 120 ML"},"content":{"rendered":"<p>Su toque de distinci\u00f3n se lo da su acorde de cuero, un aroma elegante, envolvente y opulento.&nbsp;<\/p>\n<p>Al inicio, el cardamomo y el azafr\u00e1n hacen su aparici\u00f3n especiada seguidas por el coraz\u00f3n de cuero acompa\u00f1ado por flores blancas que le brindan notas ligeramente frescas y brillantes. Para concluir en notas de \u00e1mbar y musgo.<\/p>\n<p>Le Tanneur es un sofisticado y exquisito eau de parfum de personalidad \u00fanica para quienes buscan destacarse y marcar estilo.<\/p>\n","protected":false},"excerpt":{"rendered":"<p>Su toque de distinci\u00f3n se lo da su acorde de cuero, un aroma elegante, envolvente y opulento.&nbsp; Al inicio, el&#8230;<\/p>\n","protected":false},"featured_media":7954,"comment_status":"open","ping_status":"closed","template":"","meta":[],"product_brand":[1451],"product_cat":[],"product_tag":[],"class_list":{"0":"post-7226","1":"product","2":"type-product","3":"status-publish","4":"has-post-thumbnail","6":"product_brand-marchand-de-aromes","8":"first","9":"instock","10":"shipping-taxable","11":"purchasable","12":"product-type-simple"},"_links":{"self":[{"href":"https:\/\/parisparis.movilizame.com.ar\/index.php?rest_route=\/wp\/v2\/product\/7226","targetHints":{"allow":["GET"]}}],"collection":[{"href":"https:\/\/parisparis.movilizame.com.ar\/index.php?rest_route=\/wp\/v2\/product"}],"about":[{"href":"https:\/\/parisparis.movilizame.com.ar\/index.php?rest_route=\/wp\/v2\/types\/product"}],"replies":[{"embeddable":true,"href":"https:\/\/parisparis.movilizame.com.ar\/index.php?rest_route=%2Fwp%2Fv2%2Fcomments&post=7226"}],"wp:featuredmedia":[{"embeddable":true,"href":"https:\/\/parisparis.movilizame.com.ar\/index.php?rest_route=\/wp\/v2\/media\/7954"}],"wp:attachment":[{"href":"https:\/\/parisparis.movilizame.com.ar\/index.php?rest_route=%2Fwp%2Fv2%2Fmedia&parent=7226"}],"wp:term":[{"taxonomy":"product_brand","embeddable":true,"href":"https:\/\/parisparis.movilizame.com.ar\/index.php?rest_route=%2Fwp%2Fv2%2Fproduct_brand&post=7226"},{"taxonomy":"product_cat","embeddable":true,"href":"https:\/\/parisparis.movilizame.com.ar\/index.php?rest_route=%2Fwp%2Fv2%2Fproduct_cat&post=7226"},{"taxonomy":"product_tag","embeddable":true,"href":"https:\/\/parisparis.movilizame.com.ar\/index.php?rest_route=%2Fwp%2Fv2%2Fproduct_tag&post=7226"}],"curies":[{"name":"wp","href":"https:\/\/api.w.org\/{rel}","templated":true}]}}