{"id":7175,"date":"2023-05-18T13:34:59","date_gmt":"2023-05-18T16:34:59","guid":{"rendered":"http:\/\/wp-paris-paris.test\/?product=revlon-roller-oil-absorbing-volcanic-stone-rodillo"},"modified":"2025-10-23T19:13:46","modified_gmt":"2025-10-23T22:13:46","slug":"revlon-roller-oil-absorbing-volcanic-stone-rodillo","status":"publish","type":"product","link":"https:\/\/parisparis.movilizame.com.ar\/?product=revlon-roller-oil-absorbing-volcanic-stone-rodillo","title":{"rendered":"REVLON &#8211; ROLLER OIL-ABSORBING VOLCANIC STONE RODILLO"},"content":{"rendered":"<p>Rodillo facial absorbente que combate el brillo con facilidad.<\/p>\n<p>Est\u00e1 hecho de piedra volc\u00e1nica real.<\/p>\n<p>Simplemente levant\u00e1 la tapa y deslizalo sobre el rostro para absorber el exceso de oleosidad en la piel.<\/p>\n<p>Logr\u00e1 una piel fresca y sin brillo en cualquier momento y en cualquier lugar. Es reutilizable!<\/p>\n<p>&nbsp;<\/p>\n<p>Beneficios.<\/p>\n<p>Elimin\u00e1 el exceso de grasitud u oleosidad en un instante y logr\u00e1 una piel sin brillo, ya sea en tu casa o en cualquier otro lugar. Este rodillo facial absorbente de oleosidad hecho con piedra volc\u00e1nica real, es ideal para eliminar el brillo de la piel. Pod\u00e9s usarlo tanto sobre la piel limpia como as\u00ed tambi\u00e9n sobre el rostro maquillado (no ensuciara tu maquillaje). Reutilizable: de f\u00e1cil lavado para utilizarlo una y otra vez .<\/p>\n<p>&nbsp;<\/p>\n<p>Modo Uso.<\/p>\n<p>Retirar la tapa y deslizar suavemente la piedra volc\u00e1nica sobre la zona T (por la frente y hacia abajo por la nariz), o en cualquier lugar donde tengas exceso de brillo u oleosidad.<\/p>\n<p>Para limpiar: girar el anillo de bloqueo alrededor de la piedra en el sentido de las agujas del reloj para desbloquear, luego retirar la piedra volc\u00e1nica. Lavar con agua tibia. Enjuagar y dejar secar al aire durante la noche antes de volver a bloquearlo.<\/p>\n","protected":false},"excerpt":{"rendered":"<p>Rodillo facial absorbente que combate el brillo con facilidad. Est\u00e1 hecho de piedra volc\u00e1nica real. Simplemente levant\u00e1 la tapa y&#8230;<\/p>\n","protected":false},"featured_media":0,"comment_status":"open","ping_status":"closed","template":"","meta":[],"product_brand":[1428],"product_cat":[],"product_tag":[],"class_list":{"0":"post-7175","1":"product","2":"type-product","3":"status-publish","5":"product_brand-revlon","7":"first","8":"instock","9":"shipping-taxable","10":"purchasable","11":"product-type-simple"},"_links":{"self":[{"href":"https:\/\/parisparis.movilizame.com.ar\/index.php?rest_route=\/wp\/v2\/product\/7175","targetHints":{"allow":["GET"]}}],"collection":[{"href":"https:\/\/parisparis.movilizame.com.ar\/index.php?rest_route=\/wp\/v2\/product"}],"about":[{"href":"https:\/\/parisparis.movilizame.com.ar\/index.php?rest_route=\/wp\/v2\/types\/product"}],"replies":[{"embeddable":true,"href":"https:\/\/parisparis.movilizame.com.ar\/index.php?rest_route=%2Fwp%2Fv2%2Fcomments&post=7175"}],"wp:attachment":[{"href":"https:\/\/parisparis.movilizame.com.ar\/index.php?rest_route=%2Fwp%2Fv2%2Fmedia&parent=7175"}],"wp:term":[{"taxonomy":"product_brand","embeddable":true,"href":"https:\/\/parisparis.movilizame.com.ar\/index.php?rest_route=%2Fwp%2Fv2%2Fproduct_brand&post=7175"},{"taxonomy":"product_cat","embeddable":true,"href":"https:\/\/parisparis.movilizame.com.ar\/index.php?rest_route=%2Fwp%2Fv2%2Fproduct_cat&post=7175"},{"taxonomy":"product_tag","embeddable":true,"href":"https:\/\/parisparis.movilizame.com.ar\/index.php?rest_route=%2Fwp%2Fv2%2Fproduct_tag&post=7175"}],"curies":[{"name":"wp","href":"https:\/\/api.w.org\/{rel}","templated":true}]}}