{"id":7125,"date":"2022-11-16T11:45:33","date_gmt":"2022-11-16T14:45:33","guid":{"rendered":"http:\/\/wp-paris-paris.test\/?product=opi-top-coat-rapid-dry-x-15-ml"},"modified":"2025-11-08T10:04:05","modified_gmt":"2025-11-08T13:04:05","slug":"opi-top-coat-rapid-dry-x-15-ml","status":"publish","type":"product","link":"https:\/\/parisparis.movilizame.com.ar\/?product=opi-top-coat-rapid-dry-x-15-ml","title":{"rendered":"OPI &#8211; TOP COAT RAPID DRY 15 ML"},"content":{"rendered":"<p>RapiDry Top Coat de OPI es un<strong>&nbsp;tratamiento de secado r\u00e1pido para despu\u00e9s del esmalte<\/strong>.<\/p>\n<p>Este tratamiento acelera el secado del esmalte y realza el color de las u\u00f1as esmaltadas.<\/p>\n<p>Gracias a su formulaci\u00f3n evita que las u\u00f1as modifiquen su color y garantiza su larga duraci\u00f3n y una manicura perfecta.<\/p>\n","protected":false},"excerpt":{"rendered":"<p>RapiDry Top Coat de OPI es un&nbsp;tratamiento de secado r\u00e1pido para despu\u00e9s del esmalte. Este tratamiento acelera el secado del&#8230;<\/p>\n","protected":false},"featured_media":7876,"comment_status":"open","ping_status":"closed","template":"","meta":[],"product_brand":[1435],"product_cat":[],"product_tag":[],"class_list":{"0":"post-7125","1":"product","2":"type-product","3":"status-publish","4":"has-post-thumbnail","6":"product_brand-opi","8":"first","9":"instock","10":"shipping-taxable","11":"purchasable","12":"product-type-simple"},"_links":{"self":[{"href":"https:\/\/parisparis.movilizame.com.ar\/index.php?rest_route=\/wp\/v2\/product\/7125","targetHints":{"allow":["GET"]}}],"collection":[{"href":"https:\/\/parisparis.movilizame.com.ar\/index.php?rest_route=\/wp\/v2\/product"}],"about":[{"href":"https:\/\/parisparis.movilizame.com.ar\/index.php?rest_route=\/wp\/v2\/types\/product"}],"replies":[{"embeddable":true,"href":"https:\/\/parisparis.movilizame.com.ar\/index.php?rest_route=%2Fwp%2Fv2%2Fcomments&post=7125"}],"wp:featuredmedia":[{"embeddable":true,"href":"https:\/\/parisparis.movilizame.com.ar\/index.php?rest_route=\/wp\/v2\/media\/7876"}],"wp:attachment":[{"href":"https:\/\/parisparis.movilizame.com.ar\/index.php?rest_route=%2Fwp%2Fv2%2Fmedia&parent=7125"}],"wp:term":[{"taxonomy":"product_brand","embeddable":true,"href":"https:\/\/parisparis.movilizame.com.ar\/index.php?rest_route=%2Fwp%2Fv2%2Fproduct_brand&post=7125"},{"taxonomy":"product_cat","embeddable":true,"href":"https:\/\/parisparis.movilizame.com.ar\/index.php?rest_route=%2Fwp%2Fv2%2Fproduct_cat&post=7125"},{"taxonomy":"product_tag","embeddable":true,"href":"https:\/\/parisparis.movilizame.com.ar\/index.php?rest_route=%2Fwp%2Fv2%2Fproduct_tag&post=7125"}],"curies":[{"name":"wp","href":"https:\/\/api.w.org\/{rel}","templated":true}]}}