{"id":6999,"date":"2022-02-21T22:14:04","date_gmt":"2022-02-22T01:14:04","guid":{"rendered":"http:\/\/wp-paris-paris.test\/?product=gama-cepillo-innova-digital"},"modified":"2025-10-28T19:19:32","modified_gmt":"2025-10-28T22:19:32","slug":"gama-cepillo-innova-digital","status":"publish","type":"product","link":"https:\/\/parisparis.movilizame.com.ar\/?product=gama-cepillo-innova-digital","title":{"rendered":"GAMA &#8211; Cepillo Innova digital"},"content":{"rendered":"<p>&#8211; Cepillo alisador liviano y compacto que te permite lucir el cabello est\u00e9s donde est\u00e9s gracias a que por su tama\u00f1o lo podes llevar con vos a donde quieras.<\/p>\n<p>&#8211; Cuenta con 56 cerdas t\u00e9rmicas que se calientan a 220 grados y permiten alisar el cabello adem\u00e1s de cumplir la funci\u00f3n de desenredo y peinado. Las cerdas se encuentran revestidas en cer\u00e1mica y poseen unas peque\u00f1as inserciones de silicona en las puntas cuya funci\u00f3n es proteger el cuero cabelludo del calor y facilitar el paso del cepillo.<\/p>\n<p>&#8211; Cuenta tambi\u00e9n con cerdas externas que no calientan, que desenredan los nudos y dirigen los mechones hacia las cerdas calientes del interior.<\/p>\n<p>&#8211; Cable rotativo que mejora su manipulaci\u00f3n para el logro de diferentes estilos.<\/p>\n<p>&#8211; El cepillo, al ser Bi Volt, es tu compa\u00f1era ideal para cualquier viaje, ya que no vas a tener que preocuparte por la tensi\u00f3n del pa\u00eds en el que te encuentres.<\/p>\n<p>-Dimensiones: 29 x 6 x 4 Cm<\/p>\n","protected":false},"excerpt":{"rendered":"<p>&#8211; Cepillo alisador liviano y compacto que te permite lucir el cabello est\u00e9s donde est\u00e9s gracias a que por su&#8230;<\/p>\n","protected":false},"featured_media":0,"comment_status":"open","ping_status":"closed","template":"","meta":[],"product_brand":[1479],"product_cat":[],"product_tag":[],"class_list":{"0":"post-6999","1":"product","2":"type-product","3":"status-publish","5":"product_brand-gama","7":"first","8":"instock","9":"shipping-taxable","10":"purchasable","11":"product-type-simple"},"_links":{"self":[{"href":"https:\/\/parisparis.movilizame.com.ar\/index.php?rest_route=\/wp\/v2\/product\/6999","targetHints":{"allow":["GET"]}}],"collection":[{"href":"https:\/\/parisparis.movilizame.com.ar\/index.php?rest_route=\/wp\/v2\/product"}],"about":[{"href":"https:\/\/parisparis.movilizame.com.ar\/index.php?rest_route=\/wp\/v2\/types\/product"}],"replies":[{"embeddable":true,"href":"https:\/\/parisparis.movilizame.com.ar\/index.php?rest_route=%2Fwp%2Fv2%2Fcomments&post=6999"}],"wp:attachment":[{"href":"https:\/\/parisparis.movilizame.com.ar\/index.php?rest_route=%2Fwp%2Fv2%2Fmedia&parent=6999"}],"wp:term":[{"taxonomy":"product_brand","embeddable":true,"href":"https:\/\/parisparis.movilizame.com.ar\/index.php?rest_route=%2Fwp%2Fv2%2Fproduct_brand&post=6999"},{"taxonomy":"product_cat","embeddable":true,"href":"https:\/\/parisparis.movilizame.com.ar\/index.php?rest_route=%2Fwp%2Fv2%2Fproduct_cat&post=6999"},{"taxonomy":"product_tag","embeddable":true,"href":"https:\/\/parisparis.movilizame.com.ar\/index.php?rest_route=%2Fwp%2Fv2%2Fproduct_tag&post=6999"}],"curies":[{"name":"wp","href":"https:\/\/api.w.org\/{rel}","templated":true}]}}