{"id":6998,"date":"2022-02-21T22:09:58","date_gmt":"2022-02-22T01:09:58","guid":{"rendered":"http:\/\/wp-paris-paris.test\/?product=gama-gsh-master-precision-cut-italiana"},"modified":"2025-10-28T19:19:39","modified_gmt":"2025-10-28T22:19:39","slug":"gama-gsh-master-precision-cut-italiana","status":"publish","type":"product","link":"https:\/\/parisparis.movilizame.com.ar\/?product=gama-gsh-master-precision-cut-italiana","title":{"rendered":"GAMA &#8211; GSH Master precision cut &#8211; Italiana"},"content":{"rendered":"<ul>\n<li>\n<h3>Caracter\u00edsticas &#8211; La afeitadora GA.MA GSH860 posee un cabezal con cuchillas internas flotantes y una tecnolog\u00eda Precision Cut de cuchilla de 0,1 mm de grosor que facilitan la afeitada en menos pasadas y con una mayor precisi\u00f3n de corte. Incluye, adem\u00e1s, un corta patillas desplegable ideal para recortar bigote y patillas.<\/h3>\n<\/li>\n<li>\n<h3>Bater\u00eda y autonom\u00eda &#8211; Su bater\u00eda es recargable, con una autonom\u00eda de hasta 50 minutos, lo cual te permite usar la afeitadora tanto de forma inal\u00e1mbrica como conectada a la corriente. Por otro lado, el LED indicador te permitir\u00e1 saber la cantidad de bater\u00eda disponible mientras la est\u00e1s usando.<\/h3>\n<\/li>\n<\/ul>\n","protected":false},"excerpt":{"rendered":"<p>Caracter\u00edsticas &#8211; La afeitadora GA.MA GSH860 posee un cabezal con cuchillas internas flotantes y una tecnolog\u00eda Precision Cut de cuchilla&#8230;<\/p>\n","protected":false},"featured_media":0,"comment_status":"open","ping_status":"closed","template":"","meta":[],"product_brand":[1479],"product_cat":[],"product_tag":[],"class_list":{"0":"post-6998","1":"product","2":"type-product","3":"status-publish","5":"product_brand-gama","7":"first","8":"instock","9":"shipping-taxable","10":"purchasable","11":"product-type-simple"},"_links":{"self":[{"href":"https:\/\/parisparis.movilizame.com.ar\/index.php?rest_route=\/wp\/v2\/product\/6998","targetHints":{"allow":["GET"]}}],"collection":[{"href":"https:\/\/parisparis.movilizame.com.ar\/index.php?rest_route=\/wp\/v2\/product"}],"about":[{"href":"https:\/\/parisparis.movilizame.com.ar\/index.php?rest_route=\/wp\/v2\/types\/product"}],"replies":[{"embeddable":true,"href":"https:\/\/parisparis.movilizame.com.ar\/index.php?rest_route=%2Fwp%2Fv2%2Fcomments&post=6998"}],"wp:attachment":[{"href":"https:\/\/parisparis.movilizame.com.ar\/index.php?rest_route=%2Fwp%2Fv2%2Fmedia&parent=6998"}],"wp:term":[{"taxonomy":"product_brand","embeddable":true,"href":"https:\/\/parisparis.movilizame.com.ar\/index.php?rest_route=%2Fwp%2Fv2%2Fproduct_brand&post=6998"},{"taxonomy":"product_cat","embeddable":true,"href":"https:\/\/parisparis.movilizame.com.ar\/index.php?rest_route=%2Fwp%2Fv2%2Fproduct_cat&post=6998"},{"taxonomy":"product_tag","embeddable":true,"href":"https:\/\/parisparis.movilizame.com.ar\/index.php?rest_route=%2Fwp%2Fv2%2Fproduct_tag&post=6998"}],"curies":[{"name":"wp","href":"https:\/\/api.w.org\/{rel}","templated":true}]}}