{"id":6994,"date":"2022-02-10T20:37:21","date_gmt":"2022-02-10T23:37:21","guid":{"rendered":"http:\/\/wp-paris-paris.test\/?product=dg-the-one-for-men-x100ml-edt-gel-after-shave"},"modified":"2025-11-15T10:33:23","modified_gmt":"2025-11-15T13:33:23","slug":"dg-the-one-for-men-x100ml-edt-gel-after-shave","status":"publish","type":"product","link":"https:\/\/parisparis.movilizame.com.ar\/?product=dg-the-one-for-men-x100ml-edt-gel-after-shave","title":{"rendered":"DOLCE GABBANA &#8211; THE ONE FOR MEN 100 ML EDT + GEL + AFTER SHAVE"},"content":{"rendered":"<p><strong>Elegante y sensual, cl\u00e1sico pero animado por un toque contempor\u00e1neo: Dolce&amp;Gabbana The One For Men expresa una masculinidad audaz a trav\u00e9s de acordes magn\u00e9ticos y sofisticados de albahaca, lavanda y s\u00e1ndalo.<br \/>\nDolce&amp;Gabbana The One Eau de Toilette para hombre deja una huella imborrable: una fragancia con una combinaci\u00f3n carism\u00e1tica de notas de albahaca, lavanda cautivadora y acordes de s\u00e1ndalo.<\/p>\n<p>La elegancia masculina del frasco de vidrio de Dolce&amp;Gabbana The One for Men Eau de Toilette se expresa con l\u00edneas limpias y un dise\u00f1o cl\u00e1sico y refinado, coronado por un tap\u00f3n de metal pulido y cepillado.<\/strong><\/p>\n<p><strong>Notas de salida:<\/strong>\u00a0Pomelo, cilantro y albahaca.<br \/>\n<strong>Notas de coraz\u00f3n:<\/strong>\u00a0Jengibre, cardamomo y flor de azahar.<br \/>\n<strong>Notas de fondo:<\/strong>\u00a0Tabaco, \u00e1mbar y cedro.<\/p>\n","protected":false},"excerpt":{"rendered":"<p>Elegante y sensual, cl\u00e1sico pero animado por un toque contempor\u00e1neo: Dolce&amp;Gabbana The One For Men expresa una masculinidad audaz a&#8230;<\/p>\n","protected":false},"featured_media":7791,"comment_status":"open","ping_status":"closed","template":"","meta":[],"product_brand":[1470],"product_cat":[],"product_tag":[],"class_list":{"0":"post-6994","1":"product","2":"type-product","3":"status-publish","4":"has-post-thumbnail","6":"product_brand-dolce-gabbana","8":"first","9":"instock","10":"shipping-taxable","11":"purchasable","12":"product-type-simple"},"_links":{"self":[{"href":"https:\/\/parisparis.movilizame.com.ar\/index.php?rest_route=\/wp\/v2\/product\/6994","targetHints":{"allow":["GET"]}}],"collection":[{"href":"https:\/\/parisparis.movilizame.com.ar\/index.php?rest_route=\/wp\/v2\/product"}],"about":[{"href":"https:\/\/parisparis.movilizame.com.ar\/index.php?rest_route=\/wp\/v2\/types\/product"}],"replies":[{"embeddable":true,"href":"https:\/\/parisparis.movilizame.com.ar\/index.php?rest_route=%2Fwp%2Fv2%2Fcomments&post=6994"}],"wp:featuredmedia":[{"embeddable":true,"href":"https:\/\/parisparis.movilizame.com.ar\/index.php?rest_route=\/wp\/v2\/media\/7791"}],"wp:attachment":[{"href":"https:\/\/parisparis.movilizame.com.ar\/index.php?rest_route=%2Fwp%2Fv2%2Fmedia&parent=6994"}],"wp:term":[{"taxonomy":"product_brand","embeddable":true,"href":"https:\/\/parisparis.movilizame.com.ar\/index.php?rest_route=%2Fwp%2Fv2%2Fproduct_brand&post=6994"},{"taxonomy":"product_cat","embeddable":true,"href":"https:\/\/parisparis.movilizame.com.ar\/index.php?rest_route=%2Fwp%2Fv2%2Fproduct_cat&post=6994"},{"taxonomy":"product_tag","embeddable":true,"href":"https:\/\/parisparis.movilizame.com.ar\/index.php?rest_route=%2Fwp%2Fv2%2Fproduct_tag&post=6994"}],"curies":[{"name":"wp","href":"https:\/\/api.w.org\/{rel}","templated":true}]}}