{"id":6877,"date":"2021-04-12T13:16:08","date_gmt":"2021-04-12T16:16:08","guid":{"rendered":"http:\/\/wp-paris-paris.test\/?product=dorothy-gray-acondicionador-q10-coenzima-bio-hidratante"},"modified":"2025-12-09T11:38:04","modified_gmt":"2025-12-09T14:38:04","slug":"dorothy-gray-acondicionador-q10-coenzima-bio-hidratante","status":"publish","type":"product","link":"https:\/\/parisparis.movilizame.com.ar\/?product=dorothy-gray-acondicionador-q10-coenzima-bio-hidratante","title":{"rendered":"DOROTHY GRAY &#8211; ACONDICIONADOR Q10 COENZIMA BIO HIDRATANTE 400 GR"},"content":{"rendered":"<p>Acondicionador Hidratante Dorothy Gray Hipoalergenico Q10.<\/p>\n<p>Acondicionador de tratamiento capilar hipoalerg\u00e9nico hidratante para cabellos normales. Su f\u00f3rmula con Coenzima Q10 y Vitamina B5 rejuvenece el cabello estimulando la s\u00edntesis natural de Keratina del mismo para que tu cabello luzca flexible, vital y resistente.<\/p>\n<p>-COMPONENTES:<\/p>\n<p>Coenzima Q10: Retrasa el proceso de envejecimiento capilar, fortalece el pelo y previene la ca\u00edda.<\/p>\n<p>Vitamina B5: Devuelve la nutrici\u00f3n perdida por diferentes factores.<\/p>\n<p>Para un mejor cuidado del pelo recomendamos utilizar el Shampoo Hidratante Dorothy Gray Hipoalergenico Q10.<\/p>\n","protected":false},"excerpt":{"rendered":"<p>Acondicionador Hidratante Dorothy Gray Hipoalergenico Q10. Acondicionador de tratamiento capilar hipoalerg\u00e9nico hidratante para cabellos normales. Su f\u00f3rmula con Coenzima Q10&#8230;<\/p>\n","protected":false},"featured_media":8604,"comment_status":"open","ping_status":"closed","template":"","meta":[],"product_brand":[1433],"product_cat":[],"product_tag":[],"class_list":{"0":"post-6877","1":"product","2":"type-product","3":"status-publish","4":"has-post-thumbnail","6":"product_brand-dorothy-gray","8":"first","9":"instock","10":"shipping-taxable","11":"purchasable","12":"product-type-simple"},"_links":{"self":[{"href":"https:\/\/parisparis.movilizame.com.ar\/index.php?rest_route=\/wp\/v2\/product\/6877","targetHints":{"allow":["GET"]}}],"collection":[{"href":"https:\/\/parisparis.movilizame.com.ar\/index.php?rest_route=\/wp\/v2\/product"}],"about":[{"href":"https:\/\/parisparis.movilizame.com.ar\/index.php?rest_route=\/wp\/v2\/types\/product"}],"replies":[{"embeddable":true,"href":"https:\/\/parisparis.movilizame.com.ar\/index.php?rest_route=%2Fwp%2Fv2%2Fcomments&post=6877"}],"wp:featuredmedia":[{"embeddable":true,"href":"https:\/\/parisparis.movilizame.com.ar\/index.php?rest_route=\/wp\/v2\/media\/8604"}],"wp:attachment":[{"href":"https:\/\/parisparis.movilizame.com.ar\/index.php?rest_route=%2Fwp%2Fv2%2Fmedia&parent=6877"}],"wp:term":[{"taxonomy":"product_brand","embeddable":true,"href":"https:\/\/parisparis.movilizame.com.ar\/index.php?rest_route=%2Fwp%2Fv2%2Fproduct_brand&post=6877"},{"taxonomy":"product_cat","embeddable":true,"href":"https:\/\/parisparis.movilizame.com.ar\/index.php?rest_route=%2Fwp%2Fv2%2Fproduct_cat&post=6877"},{"taxonomy":"product_tag","embeddable":true,"href":"https:\/\/parisparis.movilizame.com.ar\/index.php?rest_route=%2Fwp%2Fv2%2Fproduct_tag&post=6877"}],"curies":[{"name":"wp","href":"https:\/\/api.w.org\/{rel}","templated":true}]}}