{"id":6866,"date":"2021-04-09T20:16:01","date_gmt":"2021-04-09T23:16:01","guid":{"rendered":"http:\/\/wp-paris-paris.test\/?product=claridge-colorante-capilar-2"},"modified":"2025-12-17T18:55:26","modified_gmt":"2025-12-17T21:55:26","slug":"claridge-colorante-capilar-2","status":"publish","type":"product","link":"https:\/\/parisparis.movilizame.com.ar\/?product=claridge-colorante-capilar-2","title":{"rendered":"CLARIDGE &#8211; TINTURA CAPILAR CERO AMONIACO"},"content":{"rendered":"<h1 class=\"font-body mb-4\">Descripci\u00f3n<\/h1>\n<div class=\"user-content font-small mb-4\">\n<p><em>Coloraci\u00f3n sin amon\u00edaco. 100 % cobertura de canas. Con \u00d3leo de macadamia y aceite de almendras. Color m\u00e1s natural y duradero. M\u00e1s brillo y protecci\u00f3n para el cabello. Ayuda a mantener los colores naturales y a cambiar de tono sin da\u00f1ar el pelo. La ampolla Proactive oils protege la fibra capilar durante el proceso de coloraci\u00f3n. El tratamiento post coloraci\u00f3n ayuda a mantener y preservar el tono por mas tiempo.<\/em><\/p>\n<p><strong>EL KIT CONTIENE:<\/strong><\/p>\n<ul>\n<li>Emulsi\u00f3n reveladora de 15 vol x 75 ml<\/li>\n<li>Pomo color x 50 g<\/li>\n<li>Ampolla Proactive Oils con \u00d3leo de Macadamia y Aceite de Almendras<\/li>\n<li>Tratamiento Post-Coloraci\u00f3n con aceite de macadamia y almendras<\/li>\n<li>Tratamiento Post-Coloraci\u00f3n prolongador del color con aceite de macadamia y almendras<\/li>\n<li>Guantes<\/li>\n<li>Instrucciones<\/li>\n<\/ul>\n<p><strong>MODO DE USO:<\/strong> Mezclar el pomo de coloraci\u00f3n con el activador y la ampolla proactive-oils, mezclar hasta obtener una crema homog\u00e9nea. Aplicar la coloraci\u00f3n en el cabello de forma pareja, dejar actuar 30 minutos y enjuagar con abundante agua tibia hasta que no salga mas color. Colocar el tratamiento acondicionador n\u00b04 dejar actuar 3 minutos y enjuagar. Transcurridos 15 d\u00edas colocar el tratamiento n\u00b05 prolongador del color.<\/p>\n<\/div>\n<h3>CONSULTAR CARTA DE COLORES<\/h3>\n","protected":false},"excerpt":{"rendered":"<p>Descripci\u00f3n Coloraci\u00f3n sin amon\u00edaco. 100 % cobertura de canas. Con \u00d3leo de macadamia y aceite de almendras. Color m\u00e1s natural&#8230;<\/p>\n","protected":false},"featured_media":8646,"comment_status":"open","ping_status":"closed","template":"","meta":[],"product_brand":[1427],"product_cat":[1379],"product_tag":[],"class_list":{"0":"post-6866","1":"product","2":"type-product","3":"status-publish","4":"has-post-thumbnail","6":"product_brand-claridge","7":"product_cat-capilar","9":"first","10":"instock","11":"shipping-taxable","12":"purchasable","13":"product-type-simple"},"_links":{"self":[{"href":"https:\/\/parisparis.movilizame.com.ar\/index.php?rest_route=\/wp\/v2\/product\/6866","targetHints":{"allow":["GET"]}}],"collection":[{"href":"https:\/\/parisparis.movilizame.com.ar\/index.php?rest_route=\/wp\/v2\/product"}],"about":[{"href":"https:\/\/parisparis.movilizame.com.ar\/index.php?rest_route=\/wp\/v2\/types\/product"}],"replies":[{"embeddable":true,"href":"https:\/\/parisparis.movilizame.com.ar\/index.php?rest_route=%2Fwp%2Fv2%2Fcomments&post=6866"}],"wp:featuredmedia":[{"embeddable":true,"href":"https:\/\/parisparis.movilizame.com.ar\/index.php?rest_route=\/wp\/v2\/media\/8646"}],"wp:attachment":[{"href":"https:\/\/parisparis.movilizame.com.ar\/index.php?rest_route=%2Fwp%2Fv2%2Fmedia&parent=6866"}],"wp:term":[{"taxonomy":"product_brand","embeddable":true,"href":"https:\/\/parisparis.movilizame.com.ar\/index.php?rest_route=%2Fwp%2Fv2%2Fproduct_brand&post=6866"},{"taxonomy":"product_cat","embeddable":true,"href":"https:\/\/parisparis.movilizame.com.ar\/index.php?rest_route=%2Fwp%2Fv2%2Fproduct_cat&post=6866"},{"taxonomy":"product_tag","embeddable":true,"href":"https:\/\/parisparis.movilizame.com.ar\/index.php?rest_route=%2Fwp%2Fv2%2Fproduct_tag&post=6866"}],"curies":[{"name":"wp","href":"https:\/\/api.w.org\/{rel}","templated":true}]}}