{"id":6864,"date":"2021-04-09T13:54:10","date_gmt":"2021-04-09T16:54:10","guid":{"rendered":"http:\/\/wp-paris-paris.test\/?product=inecto-gel-capilar-efecto-humedo"},"modified":"2025-12-17T19:50:59","modified_gmt":"2025-12-17T22:50:59","slug":"inecto-gel-capilar-efecto-humedo","status":"publish","type":"product","link":"https:\/\/parisparis.movilizame.com.ar\/?product=inecto-gel-capilar-efecto-humedo","title":{"rendered":"INECTO &#8211; GEL CAPILAR EFECTO HUMEDO 150 GR"},"content":{"rendered":"<p>Brillant gel efecto h\u00famedo otorga una apariencia h\u00fameda de larga duraci\u00f3n sin engrosar el pelo. Genera un efecto descontracturado.<\/p>\n","protected":false},"excerpt":{"rendered":"<p>Brillant gel efecto h\u00famedo otorga una apariencia h\u00fameda de larga duraci\u00f3n sin engrosar el pelo. Genera un efecto descontracturado.<\/p>\n","protected":false},"featured_media":7693,"comment_status":"open","ping_status":"closed","template":"","meta":[],"product_brand":[1431],"product_cat":[],"product_tag":[],"class_list":{"0":"post-6864","1":"product","2":"type-product","3":"status-publish","4":"has-post-thumbnail","6":"product_brand-inecto","8":"first","9":"instock","10":"shipping-taxable","11":"purchasable","12":"product-type-simple"},"_links":{"self":[{"href":"https:\/\/parisparis.movilizame.com.ar\/index.php?rest_route=\/wp\/v2\/product\/6864","targetHints":{"allow":["GET"]}}],"collection":[{"href":"https:\/\/parisparis.movilizame.com.ar\/index.php?rest_route=\/wp\/v2\/product"}],"about":[{"href":"https:\/\/parisparis.movilizame.com.ar\/index.php?rest_route=\/wp\/v2\/types\/product"}],"replies":[{"embeddable":true,"href":"https:\/\/parisparis.movilizame.com.ar\/index.php?rest_route=%2Fwp%2Fv2%2Fcomments&post=6864"}],"wp:featuredmedia":[{"embeddable":true,"href":"https:\/\/parisparis.movilizame.com.ar\/index.php?rest_route=\/wp\/v2\/media\/7693"}],"wp:attachment":[{"href":"https:\/\/parisparis.movilizame.com.ar\/index.php?rest_route=%2Fwp%2Fv2%2Fmedia&parent=6864"}],"wp:term":[{"taxonomy":"product_brand","embeddable":true,"href":"https:\/\/parisparis.movilizame.com.ar\/index.php?rest_route=%2Fwp%2Fv2%2Fproduct_brand&post=6864"},{"taxonomy":"product_cat","embeddable":true,"href":"https:\/\/parisparis.movilizame.com.ar\/index.php?rest_route=%2Fwp%2Fv2%2Fproduct_cat&post=6864"},{"taxonomy":"product_tag","embeddable":true,"href":"https:\/\/parisparis.movilizame.com.ar\/index.php?rest_route=%2Fwp%2Fv2%2Fproduct_tag&post=6864"}],"curies":[{"name":"wp","href":"https:\/\/api.w.org\/{rel}","templated":true}]}}