{"id":6845,"date":"2021-03-24T21:55:14","date_gmt":"2021-03-25T00:55:14","guid":{"rendered":"http:\/\/wp-paris-paris.test\/?product=loreal-revitalif-acido-hialuronico-cuidado-intenso-ojos-contorno"},"modified":"2025-11-04T11:28:06","modified_gmt":"2025-11-04T14:28:06","slug":"loreal-revitalif-acido-hialuronico-cuidado-intenso-ojos-contorno","status":"publish","type":"product","link":"https:\/\/parisparis.movilizame.com.ar\/?product=loreal-revitalif-acido-hialuronico-cuidado-intenso-ojos-contorno","title":{"rendered":"LOREAL &#8211; Revitalif Acido Hialuronico Cuidado Intenso Ojos CONTORNO"},"content":{"rendered":"<p>La Crema de Ojos de Revitalift \u00c1cido Hialur\u00f3nico es ideal para elcuidado de una zona tan sensible como lo es el contorno de los ojos.Gracias a su contenido de \u00e1cido hialur\u00f3nico puro, rellena las l\u00edneas deexpresi\u00f3n presentes en aquella zona y rehidrata profundamente la piel.Genera una tonificaci\u00f3n el 21%.<\/p>\n","protected":false},"excerpt":{"rendered":"<p>La Crema de Ojos de Revitalift \u00c1cido Hialur\u00f3nico es ideal para elcuidado de una zona tan sensible como lo es&#8230;<\/p>\n","protected":false},"featured_media":7677,"comment_status":"open","ping_status":"closed","template":"","meta":[],"product_brand":[1430],"product_cat":[],"product_tag":[],"class_list":{"0":"post-6845","1":"product","2":"type-product","3":"status-publish","4":"has-post-thumbnail","6":"product_brand-loreal","8":"first","9":"instock","10":"shipping-taxable","11":"purchasable","12":"product-type-simple"},"_links":{"self":[{"href":"https:\/\/parisparis.movilizame.com.ar\/index.php?rest_route=\/wp\/v2\/product\/6845","targetHints":{"allow":["GET"]}}],"collection":[{"href":"https:\/\/parisparis.movilizame.com.ar\/index.php?rest_route=\/wp\/v2\/product"}],"about":[{"href":"https:\/\/parisparis.movilizame.com.ar\/index.php?rest_route=\/wp\/v2\/types\/product"}],"replies":[{"embeddable":true,"href":"https:\/\/parisparis.movilizame.com.ar\/index.php?rest_route=%2Fwp%2Fv2%2Fcomments&post=6845"}],"wp:featuredmedia":[{"embeddable":true,"href":"https:\/\/parisparis.movilizame.com.ar\/index.php?rest_route=\/wp\/v2\/media\/7677"}],"wp:attachment":[{"href":"https:\/\/parisparis.movilizame.com.ar\/index.php?rest_route=%2Fwp%2Fv2%2Fmedia&parent=6845"}],"wp:term":[{"taxonomy":"product_brand","embeddable":true,"href":"https:\/\/parisparis.movilizame.com.ar\/index.php?rest_route=%2Fwp%2Fv2%2Fproduct_brand&post=6845"},{"taxonomy":"product_cat","embeddable":true,"href":"https:\/\/parisparis.movilizame.com.ar\/index.php?rest_route=%2Fwp%2Fv2%2Fproduct_cat&post=6845"},{"taxonomy":"product_tag","embeddable":true,"href":"https:\/\/parisparis.movilizame.com.ar\/index.php?rest_route=%2Fwp%2Fv2%2Fproduct_tag&post=6845"}],"curies":[{"name":"wp","href":"https:\/\/api.w.org\/{rel}","templated":true}]}}