{"id":6843,"date":"2021-03-24T21:52:13","date_gmt":"2021-03-25T00:52:13","guid":{"rendered":"http:\/\/wp-paris-paris.test\/?product=loreal-revitalif-acido-hialuronico-crema-noche-x-50gr"},"modified":"2025-11-04T11:28:06","modified_gmt":"2025-11-04T14:28:06","slug":"loreal-revitalif-acido-hialuronico-crema-noche-x-50gr","status":"publish","type":"product","link":"https:\/\/parisparis.movilizame.com.ar\/?product=loreal-revitalif-acido-hialuronico-crema-noche-x-50gr","title":{"rendered":"LOREAL &#8211; Revitalif Acido Hialuronico Crema Noche x 50gr"},"content":{"rendered":"<p>La Crema Revitalift de noche, formulada con \u00e1cido hialur\u00f3nico, hidrata profundamente, hasta el punto de rellenar las l\u00edneas de expresi\u00f3n. Tras solo un d\u00eda de aplicaci\u00f3n, la piel se siente m\u00e1s hidratada y suave. El uso diario de la misma resulta en una piel fresca y voluminosa, y una notable disminuci\u00f3n de arrugas y l\u00edneas de expresi\u00f3n.<\/p>\n<p><strong>Beneficios.<\/strong><br \/>\nHidrata Y Rellena Arrugas Y L\u00edneas De Expresion<\/p>\n<p><strong>Modo Uso.<\/strong><br \/>\nUtilizar todas las noches sobre rostro y cuello perfectamente limpios con movimientos circulares para una mejor penetraci\u00f3n del producto en la piel.<\/p>\n","protected":false},"excerpt":{"rendered":"<p>La Crema Revitalift de noche, formulada con \u00e1cido hialur\u00f3nico, hidrata profundamente, hasta el punto de rellenar las l\u00edneas de expresi\u00f3n&#8230;.<\/p>\n","protected":false},"featured_media":7675,"comment_status":"open","ping_status":"closed","template":"","meta":[],"product_brand":[1430],"product_cat":[],"product_tag":[],"class_list":{"0":"post-6843","1":"product","2":"type-product","3":"status-publish","4":"has-post-thumbnail","6":"product_brand-loreal","8":"first","9":"instock","10":"shipping-taxable","11":"purchasable","12":"product-type-simple"},"_links":{"self":[{"href":"https:\/\/parisparis.movilizame.com.ar\/index.php?rest_route=\/wp\/v2\/product\/6843","targetHints":{"allow":["GET"]}}],"collection":[{"href":"https:\/\/parisparis.movilizame.com.ar\/index.php?rest_route=\/wp\/v2\/product"}],"about":[{"href":"https:\/\/parisparis.movilizame.com.ar\/index.php?rest_route=\/wp\/v2\/types\/product"}],"replies":[{"embeddable":true,"href":"https:\/\/parisparis.movilizame.com.ar\/index.php?rest_route=%2Fwp%2Fv2%2Fcomments&post=6843"}],"wp:featuredmedia":[{"embeddable":true,"href":"https:\/\/parisparis.movilizame.com.ar\/index.php?rest_route=\/wp\/v2\/media\/7675"}],"wp:attachment":[{"href":"https:\/\/parisparis.movilizame.com.ar\/index.php?rest_route=%2Fwp%2Fv2%2Fmedia&parent=6843"}],"wp:term":[{"taxonomy":"product_brand","embeddable":true,"href":"https:\/\/parisparis.movilizame.com.ar\/index.php?rest_route=%2Fwp%2Fv2%2Fproduct_brand&post=6843"},{"taxonomy":"product_cat","embeddable":true,"href":"https:\/\/parisparis.movilizame.com.ar\/index.php?rest_route=%2Fwp%2Fv2%2Fproduct_cat&post=6843"},{"taxonomy":"product_tag","embeddable":true,"href":"https:\/\/parisparis.movilizame.com.ar\/index.php?rest_route=%2Fwp%2Fv2%2Fproduct_tag&post=6843"}],"curies":[{"name":"wp","href":"https:\/\/api.w.org\/{rel}","templated":true}]}}