{"id":6835,"date":"2021-03-13T13:21:07","date_gmt":"2021-03-13T16:21:07","guid":{"rendered":"http:\/\/wp-paris-paris.test\/?product=benetton-sisterland-green-jazmine-edt-x-80-ml"},"modified":"2026-02-25T19:11:16","modified_gmt":"2026-02-25T22:11:16","slug":"benetton-sisterland-green-jazmine-edt-x-80-ml","status":"publish","type":"product","link":"https:\/\/parisparis.movilizame.com.ar\/?product=benetton-sisterland-green-jazmine-edt-x-80-ml","title":{"rendered":"BENETTON &#8211; SISTERLAND GREEN JAZMINE EDT 80 ML"},"content":{"rendered":"<p>Green Jasmine, es la versi\u00f3n m\u00e1s dulce, delicada y espont\u00e1nea de las Sisters.<\/p>\n<div class=\"gs_p\"><strong><span class=\"gs_tkn\">Notas\u00a0<\/span><span class=\"gs_tkn\">de\u00a0<\/span><span class=\"gs_tkn\">salida<\/span><\/strong><span class=\"gs_tkn\">:\u00a0<\/span><span class=\"gs_tkn\">Mandarina\u00a0<\/span><span class=\"gs_tkn\">y\u00a0<\/span><span class=\"gs_tkn\">pera.<\/span><\/div>\n<div class=\"gs_p\"><strong><span class=\"gs_tkn\">Notas\u00a0<\/span><span class=\"gs_tkn\">de\u00a0<\/span><span class=\"gs_tkn\">coraz\u00f3n<\/span><\/strong><span class=\"gs_tkn\">:\u00a0<\/span><span class=\"gs_tkn\">Jazm\u00edn\u00a0<\/span><span class=\"gs_tkn\">y\u00a0<\/span><span class=\"gs_tkn\">flor\u00a0<\/span><span class=\"gs_tkn\">de\u00a0<\/span><span class=\"gs_tkn\">naranjo.<\/span><\/div>\n<div class=\"gs_p\"><span class=\"gs_cit_txt\" tabindex=\"-1\" data-sups=\"1,2,3,4,5,6\" data-hover-id=\"1\"><strong><span class=\"gs_tkn\">Notas <\/span><span class=\"gs_tkn\">de\u00a0<\/span><span class=\"gs_tkn\">fondo<\/span><\/strong><span class=\"gs_tkn\">:\u00a0<\/span><span class=\"gs_tkn\">Vainilla\u00a0<\/span><span class=\"gs_tkn\">y\u00a0<\/span><span class=\"gs_tkn\">almizcle.<\/span><\/span><\/div>\n","protected":false},"excerpt":{"rendered":"<p>Green Jasmine, es la versi\u00f3n m\u00e1s dulce, delicada y espont\u00e1nea de las Sisters. Notas\u00a0de\u00a0salida:\u00a0Mandarina\u00a0y\u00a0pera. Notas\u00a0de\u00a0coraz\u00f3n:\u00a0Jazm\u00edn\u00a0y\u00a0flor\u00a0de\u00a0naranjo. Notas de\u00a0fondo:\u00a0Vainilla\u00a0y\u00a0almizcle.<\/p>\n","protected":false},"featured_media":7668,"comment_status":"open","ping_status":"closed","template":"","meta":[],"product_brand":[1421],"product_cat":[],"product_tag":[],"class_list":{"0":"post-6835","1":"product","2":"type-product","3":"status-publish","4":"has-post-thumbnail","6":"product_brand-benetton","8":"first","9":"instock","10":"shipping-taxable","11":"purchasable","12":"product-type-simple"},"_links":{"self":[{"href":"https:\/\/parisparis.movilizame.com.ar\/index.php?rest_route=\/wp\/v2\/product\/6835","targetHints":{"allow":["GET"]}}],"collection":[{"href":"https:\/\/parisparis.movilizame.com.ar\/index.php?rest_route=\/wp\/v2\/product"}],"about":[{"href":"https:\/\/parisparis.movilizame.com.ar\/index.php?rest_route=\/wp\/v2\/types\/product"}],"replies":[{"embeddable":true,"href":"https:\/\/parisparis.movilizame.com.ar\/index.php?rest_route=%2Fwp%2Fv2%2Fcomments&post=6835"}],"wp:featuredmedia":[{"embeddable":true,"href":"https:\/\/parisparis.movilizame.com.ar\/index.php?rest_route=\/wp\/v2\/media\/7668"}],"wp:attachment":[{"href":"https:\/\/parisparis.movilizame.com.ar\/index.php?rest_route=%2Fwp%2Fv2%2Fmedia&parent=6835"}],"wp:term":[{"taxonomy":"product_brand","embeddable":true,"href":"https:\/\/parisparis.movilizame.com.ar\/index.php?rest_route=%2Fwp%2Fv2%2Fproduct_brand&post=6835"},{"taxonomy":"product_cat","embeddable":true,"href":"https:\/\/parisparis.movilizame.com.ar\/index.php?rest_route=%2Fwp%2Fv2%2Fproduct_cat&post=6835"},{"taxonomy":"product_tag","embeddable":true,"href":"https:\/\/parisparis.movilizame.com.ar\/index.php?rest_route=%2Fwp%2Fv2%2Fproduct_tag&post=6835"}],"curies":[{"name":"wp","href":"https:\/\/api.w.org\/{rel}","templated":true}]}}