{"id":6820,"date":"2021-02-20T21:10:36","date_gmt":"2021-02-21T00:10:36","guid":{"rendered":"http:\/\/wp-paris-paris.test\/?product=mascara-de-pestanas-colossal-go-extreme-waterproof-maybelline"},"modified":"2025-11-08T11:21:15","modified_gmt":"2025-11-08T14:21:15","slug":"mascara-de-pestanas-colossal-go-extreme-waterproof-maybelline","status":"publish","type":"product","link":"https:\/\/parisparis.movilizame.com.ar\/?product=mascara-de-pestanas-colossal-go-extreme-waterproof-maybelline","title":{"rendered":"MAYBELLINE &#8211; M\u00c1SCARA DE PESTA\u00d1AS COLOSSAL GO EXTREME WATERPROOF"},"content":{"rendered":"<p>M\u00e1scara de pesta\u00f1as<\/p>\n<p>Maybelline The Colossal Go Extreme Waterproof.<\/p>\n<p>Romp\u00e9 tus l\u00edmites con el volumen m\u00e1s extremo! Con una mirada impactante.<\/p>\n<p>Beneficios: Volumen extremo.<\/p>\n<p>Cepillo ergon\u00f3mico que deposita el doblede f\u00f3rmula.<\/p>\n<p>Sin grumos.<\/p>\n","protected":false},"excerpt":{"rendered":"<p>M\u00e1scara de pesta\u00f1as Maybelline The Colossal Go Extreme Waterproof. Romp\u00e9 tus l\u00edmites con el volumen m\u00e1s extremo! Con una mirada&#8230;<\/p>\n","protected":false},"featured_media":7659,"comment_status":"open","ping_status":"closed","template":"","meta":[],"product_brand":[1429],"product_cat":[],"product_tag":[],"class_list":{"0":"post-6820","1":"product","2":"type-product","3":"status-publish","4":"has-post-thumbnail","6":"product_brand-maybelline","8":"first","9":"instock","10":"shipping-taxable","11":"purchasable","12":"product-type-simple"},"_links":{"self":[{"href":"https:\/\/parisparis.movilizame.com.ar\/index.php?rest_route=\/wp\/v2\/product\/6820","targetHints":{"allow":["GET"]}}],"collection":[{"href":"https:\/\/parisparis.movilizame.com.ar\/index.php?rest_route=\/wp\/v2\/product"}],"about":[{"href":"https:\/\/parisparis.movilizame.com.ar\/index.php?rest_route=\/wp\/v2\/types\/product"}],"replies":[{"embeddable":true,"href":"https:\/\/parisparis.movilizame.com.ar\/index.php?rest_route=%2Fwp%2Fv2%2Fcomments&post=6820"}],"wp:featuredmedia":[{"embeddable":true,"href":"https:\/\/parisparis.movilizame.com.ar\/index.php?rest_route=\/wp\/v2\/media\/7659"}],"wp:attachment":[{"href":"https:\/\/parisparis.movilizame.com.ar\/index.php?rest_route=%2Fwp%2Fv2%2Fmedia&parent=6820"}],"wp:term":[{"taxonomy":"product_brand","embeddable":true,"href":"https:\/\/parisparis.movilizame.com.ar\/index.php?rest_route=%2Fwp%2Fv2%2Fproduct_brand&post=6820"},{"taxonomy":"product_cat","embeddable":true,"href":"https:\/\/parisparis.movilizame.com.ar\/index.php?rest_route=%2Fwp%2Fv2%2Fproduct_cat&post=6820"},{"taxonomy":"product_tag","embeddable":true,"href":"https:\/\/parisparis.movilizame.com.ar\/index.php?rest_route=%2Fwp%2Fv2%2Fproduct_tag&post=6820"}],"curies":[{"name":"wp","href":"https:\/\/api.w.org\/{rel}","templated":true}]}}