{"id":6705,"date":"2020-08-10T22:58:11","date_gmt":"2020-08-11T01:58:11","guid":{"rendered":"http:\/\/wp-paris-paris.test\/?product=dorothy-gray-cell-therapy-tratamiento-celulas-madre-crema-de-dia"},"modified":"2025-12-15T19:12:27","modified_gmt":"2025-12-15T22:12:27","slug":"dorothy-gray-cell-therapy-tratamiento-celulas-madre-crema-de-dia","status":"publish","type":"product","link":"https:\/\/parisparis.movilizame.com.ar\/?product=dorothy-gray-cell-therapy-tratamiento-celulas-madre-crema-de-dia","title":{"rendered":"DOROTHY GRAY &#8211; CELL THERAPY CREMA ANTI AGE TRATAMIENTO CELULAS MADRE DIA 50 GR"},"content":{"rendered":"<p>Crema C\u00e9lulas Madre de D\u00eda Cell Theraphy:<\/p>\n<p>Las c\u00e9lulas Madre son las precursoras directas de las c\u00e9lulas que se encuentran en las diferentes capas d\u00e9rmicas y epid\u00e9rmicas.<\/p>\n<p>Con el paso del tiempo se ralentiza su actividad y la piel pierde su capacidad de renovaci\u00f3n, ocasionando opacidad, flacidez y arrugas profundas. \u00c9stas, activan la regeneraci\u00f3n celular, fortaleciendo la estructura del tejido y mejorando la calidad y textura de la piel.<\/p>\n<p>-Disminuye las arrugas y l\u00edneas de expresi\u00f3n.<\/p>\n<p>-Rejuvenece la piel del rostro.<\/p>\n<p>-Protege las c\u00e9lulas madre de la piel.<\/p>\n<p>-Conserva el poder de regeneraci\u00f3n.<\/p>\n<p>-Combate el envejecimiento cronol\u00f3gico.<\/p>\n<p>-Mantiene la piel hidratada durante 24 hs.<\/p>\n<p>-Recomendada para pieles +45 y para todo tipo de piel.<\/p>\n<p>Textura: Crema suave y liviana de mayor absorci\u00f3n.<\/p>\n<p>Modo de uso: Despu\u00e9s de realizar la correspondiente limpieza y tonificaci\u00f3n, aplicar una dosis moderada del producto sobre la yema de los dedos y colocar sobre el rostro y cuello con movimientos circulares ascendentes. Uso diario por las ma\u00f1anas.<\/p>\n","protected":false},"excerpt":{"rendered":"<p>Crema C\u00e9lulas Madre de D\u00eda Cell Theraphy: Las c\u00e9lulas Madre son las precursoras directas de las c\u00e9lulas que se encuentran&#8230;<\/p>\n","protected":false},"featured_media":8633,"comment_status":"open","ping_status":"closed","template":"","meta":[],"product_brand":[1433],"product_cat":[],"product_tag":[],"class_list":{"0":"post-6705","1":"product","2":"type-product","3":"status-publish","4":"has-post-thumbnail","6":"product_brand-dorothy-gray","8":"first","9":"instock","10":"shipping-taxable","11":"purchasable","12":"product-type-simple"},"_links":{"self":[{"href":"https:\/\/parisparis.movilizame.com.ar\/index.php?rest_route=\/wp\/v2\/product\/6705","targetHints":{"allow":["GET"]}}],"collection":[{"href":"https:\/\/parisparis.movilizame.com.ar\/index.php?rest_route=\/wp\/v2\/product"}],"about":[{"href":"https:\/\/parisparis.movilizame.com.ar\/index.php?rest_route=\/wp\/v2\/types\/product"}],"replies":[{"embeddable":true,"href":"https:\/\/parisparis.movilizame.com.ar\/index.php?rest_route=%2Fwp%2Fv2%2Fcomments&post=6705"}],"wp:featuredmedia":[{"embeddable":true,"href":"https:\/\/parisparis.movilizame.com.ar\/index.php?rest_route=\/wp\/v2\/media\/8633"}],"wp:attachment":[{"href":"https:\/\/parisparis.movilizame.com.ar\/index.php?rest_route=%2Fwp%2Fv2%2Fmedia&parent=6705"}],"wp:term":[{"taxonomy":"product_brand","embeddable":true,"href":"https:\/\/parisparis.movilizame.com.ar\/index.php?rest_route=%2Fwp%2Fv2%2Fproduct_brand&post=6705"},{"taxonomy":"product_cat","embeddable":true,"href":"https:\/\/parisparis.movilizame.com.ar\/index.php?rest_route=%2Fwp%2Fv2%2Fproduct_cat&post=6705"},{"taxonomy":"product_tag","embeddable":true,"href":"https:\/\/parisparis.movilizame.com.ar\/index.php?rest_route=%2Fwp%2Fv2%2Fproduct_tag&post=6705"}],"curies":[{"name":"wp","href":"https:\/\/api.w.org\/{rel}","templated":true}]}}