{"id":6668,"date":"2020-08-08T16:10:23","date_gmt":"2020-08-08T19:10:23","guid":{"rendered":"http:\/\/wp-paris-paris.test\/?product=dior-pure-poison-edp-x-100-ml"},"modified":"2025-11-14T18:57:48","modified_gmt":"2025-11-14T21:57:48","slug":"dior-pure-poison-edp-x-100-ml","status":"publish","type":"product","link":"https:\/\/parisparis.movilizame.com.ar\/?product=dior-pure-poison-edp-x-100-ml","title":{"rendered":"DIOR &#8211; PURE POISON EDP 100 ML"},"content":{"rendered":"<p>Una fragancia ingenua y cautivadora, sincera y misteriosa\u2026 Pure Posion celebra la seducci\u00f3n en el estado m\u00e1s puro, explorando su dualidad y su alquimia irresistible.<\/p>\n<p>Compuesta de flor de azahar, jazm\u00edn, gardenia, \u00e1mbar y madera de s\u00e1ndalo, esta in\u00e9dita poci\u00f3n delicada y moderna revela la parte seductora que hay dentro de cada mujer.<\/p>\n<p>Pure Poison de Christian Dior es una fragancia de la familia olfativa Floral para Mujeres.<\/p>\n<p>-Notas de Salida son naranja, mandarina siciliana, bergamota y jazm\u00edn<\/p>\n<p>-Notas de Coraz\u00f3n son flor de azahar del naranjo y gardenia<\/p>\n<p>-Notas de Fondo son s\u00e1ndalo, cedro, \u00e1mbar blanco y almizcle blanco<\/p>\n","protected":false},"excerpt":{"rendered":"<p>Una fragancia ingenua y cautivadora, sincera y misteriosa\u2026 Pure Posion celebra la seducci\u00f3n en el estado m\u00e1s puro, explorando su&#8230;<\/p>\n","protected":false},"featured_media":8334,"comment_status":"open","ping_status":"closed","template":"","meta":[],"product_brand":[1416],"product_cat":[],"product_tag":[],"class_list":{"0":"post-6668","1":"product","2":"type-product","3":"status-publish","4":"has-post-thumbnail","6":"product_brand-dior","8":"first","9":"outofstock","10":"shipping-taxable","11":"purchasable","12":"product-type-simple"},"_links":{"self":[{"href":"https:\/\/parisparis.movilizame.com.ar\/index.php?rest_route=\/wp\/v2\/product\/6668","targetHints":{"allow":["GET"]}}],"collection":[{"href":"https:\/\/parisparis.movilizame.com.ar\/index.php?rest_route=\/wp\/v2\/product"}],"about":[{"href":"https:\/\/parisparis.movilizame.com.ar\/index.php?rest_route=\/wp\/v2\/types\/product"}],"replies":[{"embeddable":true,"href":"https:\/\/parisparis.movilizame.com.ar\/index.php?rest_route=%2Fwp%2Fv2%2Fcomments&post=6668"}],"wp:featuredmedia":[{"embeddable":true,"href":"https:\/\/parisparis.movilizame.com.ar\/index.php?rest_route=\/wp\/v2\/media\/8334"}],"wp:attachment":[{"href":"https:\/\/parisparis.movilizame.com.ar\/index.php?rest_route=%2Fwp%2Fv2%2Fmedia&parent=6668"}],"wp:term":[{"taxonomy":"product_brand","embeddable":true,"href":"https:\/\/parisparis.movilizame.com.ar\/index.php?rest_route=%2Fwp%2Fv2%2Fproduct_brand&post=6668"},{"taxonomy":"product_cat","embeddable":true,"href":"https:\/\/parisparis.movilizame.com.ar\/index.php?rest_route=%2Fwp%2Fv2%2Fproduct_cat&post=6668"},{"taxonomy":"product_tag","embeddable":true,"href":"https:\/\/parisparis.movilizame.com.ar\/index.php?rest_route=%2Fwp%2Fv2%2Fproduct_tag&post=6668"}],"curies":[{"name":"wp","href":"https:\/\/api.w.org\/{rel}","templated":true}]}}