{"id":6664,"date":"2020-08-08T15:40:55","date_gmt":"2020-08-08T18:40:55","guid":{"rendered":"http:\/\/wp-paris-paris.test\/?product=dior-fahrenheit-edt-100ml-x-100-ml"},"modified":"2025-11-14T19:19:28","modified_gmt":"2025-11-14T22:19:28","slug":"dior-fahrenheit-edt-100ml-x-100-ml","status":"publish","type":"product","link":"https:\/\/parisparis.movilizame.com.ar\/?product=dior-fahrenheit-edt-100ml-x-100-ml","title":{"rendered":"DIOR &#8211; FAHRENHEIT EDT 100 ML"},"content":{"rendered":"<p><b>Fahrenheit<\/b>\u00a0de\u00a0<b>Dior<\/b> es una fragancia de la familia olfativa Arom\u00e1tica Foug\u00e8re para Hombres, se lanz\u00f3 en 1988 y fue creada por Jean-Louis Sieuzac, Michel Almairac y Maurice Roger.<\/p>\n<p>Las Notas de Salida son flor del moscadero, lavanda, cedro, mandarina, manzanilla, flor del espino, bergamota y lim\u00f3n (lima \u00e1cida).<\/p>\n<p>las Notas de Coraz\u00f3n son hojas de violeta, nuez moscada, cedro, s\u00e1ndalo, clavel, madreselva, jazm\u00edn y lirio de los valles (muguete).<\/p>\n<p>las Notas de Fondo son cuero, vetiver, almizcle, \u00e1mbar, pachul\u00ed y haba tonka.<\/p>\n","protected":false},"excerpt":{"rendered":"<p>Fahrenheit\u00a0de\u00a0Dior es una fragancia de la familia olfativa Arom\u00e1tica Foug\u00e8re para Hombres, se lanz\u00f3 en 1988 y fue creada por&#8230;<\/p>\n","protected":false},"featured_media":8344,"comment_status":"open","ping_status":"closed","template":"","meta":[],"product_brand":[1416],"product_cat":[],"product_tag":[],"class_list":{"0":"post-6664","1":"product","2":"type-product","3":"status-publish","4":"has-post-thumbnail","6":"product_brand-dior","8":"first","9":"outofstock","10":"shipping-taxable","11":"purchasable","12":"product-type-simple"},"_links":{"self":[{"href":"https:\/\/parisparis.movilizame.com.ar\/index.php?rest_route=\/wp\/v2\/product\/6664","targetHints":{"allow":["GET"]}}],"collection":[{"href":"https:\/\/parisparis.movilizame.com.ar\/index.php?rest_route=\/wp\/v2\/product"}],"about":[{"href":"https:\/\/parisparis.movilizame.com.ar\/index.php?rest_route=\/wp\/v2\/types\/product"}],"replies":[{"embeddable":true,"href":"https:\/\/parisparis.movilizame.com.ar\/index.php?rest_route=%2Fwp%2Fv2%2Fcomments&post=6664"}],"wp:featuredmedia":[{"embeddable":true,"href":"https:\/\/parisparis.movilizame.com.ar\/index.php?rest_route=\/wp\/v2\/media\/8344"}],"wp:attachment":[{"href":"https:\/\/parisparis.movilizame.com.ar\/index.php?rest_route=%2Fwp%2Fv2%2Fmedia&parent=6664"}],"wp:term":[{"taxonomy":"product_brand","embeddable":true,"href":"https:\/\/parisparis.movilizame.com.ar\/index.php?rest_route=%2Fwp%2Fv2%2Fproduct_brand&post=6664"},{"taxonomy":"product_cat","embeddable":true,"href":"https:\/\/parisparis.movilizame.com.ar\/index.php?rest_route=%2Fwp%2Fv2%2Fproduct_cat&post=6664"},{"taxonomy":"product_tag","embeddable":true,"href":"https:\/\/parisparis.movilizame.com.ar\/index.php?rest_route=%2Fwp%2Fv2%2Fproduct_tag&post=6664"}],"curies":[{"name":"wp","href":"https:\/\/api.w.org\/{rel}","templated":true}]}}