{"id":6653,"date":"2020-08-07T00:32:53","date_gmt":"2020-08-07T03:32:53","guid":{"rendered":"http:\/\/wp-paris-paris.test\/?product=carolina-herrera-ch-edt-100-ml-x-100-ml"},"modified":"2026-03-02T12:45:38","modified_gmt":"2026-03-02T15:45:38","slug":"carolina-herrera-ch-edt-100-ml-x-100-ml","status":"publish","type":"product","link":"https:\/\/parisparis.movilizame.com.ar\/?product=carolina-herrera-ch-edt-100-ml-x-100-ml","title":{"rendered":"CAROLINA HERRERA &#8211; CH WOMAN EDT"},"content":{"rendered":"<p>La fragancia CH, de Carolina Herrera, es un accesorio invisible, el toque final.<\/p>\n<p>La mujer CH vive cada momento con una vibrante sensaci\u00f3n de presencia. Exudando pasi\u00f3n y sensibilidad, influye en quienes la rodean con su sentido de autenticidad. Inspirada en la elegancia intemporal pero moderna del esp\u00edritu de Carolina Herrera, CH aporta su alegr\u00eda relajada a la fragancia.<\/p>\n<p>Un accesorio de poder invisible, un toque final para cada momento de su colorida vida.<\/p>\n<p>Notas de entrada: Bergamota, Uva.<br \/>\nNotas de coraz\u00f3n: Rosa b\u00falgara, Jazm\u00edn Sambac.<br \/>\nNotas de salida: Pachuli, notas de almendra garrapi\u00f1ada.<br \/>\nAroma: Floral.<\/p>\n","protected":false},"excerpt":{"rendered":"<p>La fragancia CH, de Carolina Herrera, es un accesorio invisible, el toque final. La mujer CH vive cada momento con&#8230;<\/p>\n","protected":false},"featured_media":7551,"comment_status":"open","ping_status":"closed","template":"","meta":[],"product_brand":[1406],"product_cat":[],"product_tag":[],"class_list":{"0":"post-6653","1":"product","2":"type-product","3":"status-publish","4":"has-post-thumbnail","6":"product_brand-carolina-herrera","8":"first","9":"instock","10":"shipping-taxable","11":"purchasable","12":"product-type-variable"},"_links":{"self":[{"href":"https:\/\/parisparis.movilizame.com.ar\/index.php?rest_route=\/wp\/v2\/product\/6653","targetHints":{"allow":["GET"]}}],"collection":[{"href":"https:\/\/parisparis.movilizame.com.ar\/index.php?rest_route=\/wp\/v2\/product"}],"about":[{"href":"https:\/\/parisparis.movilizame.com.ar\/index.php?rest_route=\/wp\/v2\/types\/product"}],"replies":[{"embeddable":true,"href":"https:\/\/parisparis.movilizame.com.ar\/index.php?rest_route=%2Fwp%2Fv2%2Fcomments&post=6653"}],"wp:featuredmedia":[{"embeddable":true,"href":"https:\/\/parisparis.movilizame.com.ar\/index.php?rest_route=\/wp\/v2\/media\/7551"}],"wp:attachment":[{"href":"https:\/\/parisparis.movilizame.com.ar\/index.php?rest_route=%2Fwp%2Fv2%2Fmedia&parent=6653"}],"wp:term":[{"taxonomy":"product_brand","embeddable":true,"href":"https:\/\/parisparis.movilizame.com.ar\/index.php?rest_route=%2Fwp%2Fv2%2Fproduct_brand&post=6653"},{"taxonomy":"product_cat","embeddable":true,"href":"https:\/\/parisparis.movilizame.com.ar\/index.php?rest_route=%2Fwp%2Fv2%2Fproduct_cat&post=6653"},{"taxonomy":"product_tag","embeddable":true,"href":"https:\/\/parisparis.movilizame.com.ar\/index.php?rest_route=%2Fwp%2Fv2%2Fproduct_tag&post=6653"}],"curies":[{"name":"wp","href":"https:\/\/api.w.org\/{rel}","templated":true}]}}