{"id":6650,"date":"2020-08-06T23:55:12","date_gmt":"2020-08-07T02:55:12","guid":{"rendered":"http:\/\/wp-paris-paris.test\/?product=carolina-herrera-212-vip-men-black-edp-x-100-ml"},"modified":"2026-03-02T12:45:39","modified_gmt":"2026-03-02T15:45:39","slug":"carolina-herrera-212-vip-men-black-edp-x-100-ml","status":"publish","type":"product","link":"https:\/\/parisparis.movilizame.com.ar\/?product=carolina-herrera-212-vip-men-black-edp-x-100-ml","title":{"rendered":"CAROLINA HERRERA &#8211; 212 VIP MEN BLACK EDP"},"content":{"rendered":"<p><b>212 VIP Black<\/b>\u00a0de\u00a0<b>Carolina Herrera<\/b> es una fragancia de la familia olfativa Arom\u00e1tica Foug\u00e8re para Hombres, se lanz\u00f3 en 2017 y\u00a0 fue creada por Carlos Bena\u00efm y Anne Flipo.<\/p>\n<p>Las Notas de Salida son absenta, an\u00eds y hinojo; la Nota de Coraz\u00f3n es lavanda; las Notas de Fondo son vaina de vainilla negra y almizcle.<\/p>\n","protected":false},"excerpt":{"rendered":"<p>212 VIP Black\u00a0de\u00a0Carolina Herrera es una fragancia de la familia olfativa Arom\u00e1tica Foug\u00e8re para Hombres, se lanz\u00f3 en 2017 y\u00a0&#8230;<\/p>\n","protected":false},"featured_media":8320,"comment_status":"open","ping_status":"closed","template":"","meta":[],"product_brand":[1406],"product_cat":[],"product_tag":[],"class_list":{"0":"post-6650","1":"product","2":"type-product","3":"status-publish","4":"has-post-thumbnail","6":"product_brand-carolina-herrera","8":"first","9":"instock","10":"shipping-taxable","11":"purchasable","12":"product-type-variable"},"_links":{"self":[{"href":"https:\/\/parisparis.movilizame.com.ar\/index.php?rest_route=\/wp\/v2\/product\/6650","targetHints":{"allow":["GET"]}}],"collection":[{"href":"https:\/\/parisparis.movilizame.com.ar\/index.php?rest_route=\/wp\/v2\/product"}],"about":[{"href":"https:\/\/parisparis.movilizame.com.ar\/index.php?rest_route=\/wp\/v2\/types\/product"}],"replies":[{"embeddable":true,"href":"https:\/\/parisparis.movilizame.com.ar\/index.php?rest_route=%2Fwp%2Fv2%2Fcomments&post=6650"}],"wp:featuredmedia":[{"embeddable":true,"href":"https:\/\/parisparis.movilizame.com.ar\/index.php?rest_route=\/wp\/v2\/media\/8320"}],"wp:attachment":[{"href":"https:\/\/parisparis.movilizame.com.ar\/index.php?rest_route=%2Fwp%2Fv2%2Fmedia&parent=6650"}],"wp:term":[{"taxonomy":"product_brand","embeddable":true,"href":"https:\/\/parisparis.movilizame.com.ar\/index.php?rest_route=%2Fwp%2Fv2%2Fproduct_brand&post=6650"},{"taxonomy":"product_cat","embeddable":true,"href":"https:\/\/parisparis.movilizame.com.ar\/index.php?rest_route=%2Fwp%2Fv2%2Fproduct_cat&post=6650"},{"taxonomy":"product_tag","embeddable":true,"href":"https:\/\/parisparis.movilizame.com.ar\/index.php?rest_route=%2Fwp%2Fv2%2Fproduct_tag&post=6650"}],"curies":[{"name":"wp","href":"https:\/\/api.w.org\/{rel}","templated":true}]}}