{"id":6581,"date":"2020-07-23T17:45:19","date_gmt":"2020-07-23T20:45:19","guid":{"rendered":"http:\/\/wp-paris-paris.test\/?product=la-pasionaria-jabon-vegetal-cafe"},"modified":"2025-11-08T18:06:45","modified_gmt":"2025-11-08T21:06:45","slug":"la-pasionaria-jabon-vegetal-cafe","status":"publish","type":"product","link":"https:\/\/parisparis.movilizame.com.ar\/?product=la-pasionaria-jabon-vegetal-cafe","title":{"rendered":"LA PASIONARIA &#8211; Jab\u00f3n Vegetal Caf\u00e9"},"content":{"rendered":"<p>Jab\u00f3n Vegetal fragancia Caf\u00e9. Presentaci\u00f3n&nbsp;90 grs.<br \/>\nEnvasado en caja individual.<br \/>\n\u201cEl caf\u00e9 es el oro de la gente corriente, y como el oro, permite que todo el mundo conozca las sensaciones de lujo y nobleza\u201d. El caf\u00e9 logra un jab\u00f3n suave y de intenso y agradable aroma. Tiene el poder de neutralizar los olores.<\/p>\n","protected":false},"excerpt":{"rendered":"<p>Jab\u00f3n Vegetal fragancia Caf\u00e9. Presentaci\u00f3n&nbsp;90 grs. Envasado en caja individual. \u201cEl caf\u00e9 es el oro de la gente corriente, y&#8230;<\/p>\n","protected":false},"featured_media":7486,"comment_status":"open","ping_status":"closed","template":"","meta":[],"product_brand":[1483],"product_cat":[],"product_tag":[],"class_list":{"0":"post-6581","1":"product","2":"type-product","3":"status-publish","4":"has-post-thumbnail","6":"product_brand-la-pasionaria","8":"first","9":"instock","10":"shipping-taxable","11":"purchasable","12":"product-type-simple"},"_links":{"self":[{"href":"https:\/\/parisparis.movilizame.com.ar\/index.php?rest_route=\/wp\/v2\/product\/6581","targetHints":{"allow":["GET"]}}],"collection":[{"href":"https:\/\/parisparis.movilizame.com.ar\/index.php?rest_route=\/wp\/v2\/product"}],"about":[{"href":"https:\/\/parisparis.movilizame.com.ar\/index.php?rest_route=\/wp\/v2\/types\/product"}],"replies":[{"embeddable":true,"href":"https:\/\/parisparis.movilizame.com.ar\/index.php?rest_route=%2Fwp%2Fv2%2Fcomments&post=6581"}],"wp:featuredmedia":[{"embeddable":true,"href":"https:\/\/parisparis.movilizame.com.ar\/index.php?rest_route=\/wp\/v2\/media\/7486"}],"wp:attachment":[{"href":"https:\/\/parisparis.movilizame.com.ar\/index.php?rest_route=%2Fwp%2Fv2%2Fmedia&parent=6581"}],"wp:term":[{"taxonomy":"product_brand","embeddable":true,"href":"https:\/\/parisparis.movilizame.com.ar\/index.php?rest_route=%2Fwp%2Fv2%2Fproduct_brand&post=6581"},{"taxonomy":"product_cat","embeddable":true,"href":"https:\/\/parisparis.movilizame.com.ar\/index.php?rest_route=%2Fwp%2Fv2%2Fproduct_cat&post=6581"},{"taxonomy":"product_tag","embeddable":true,"href":"https:\/\/parisparis.movilizame.com.ar\/index.php?rest_route=%2Fwp%2Fv2%2Fproduct_tag&post=6581"}],"curies":[{"name":"wp","href":"https:\/\/api.w.org\/{rel}","templated":true}]}}