{"id":6569,"date":"2020-07-22T15:21:45","date_gmt":"2020-07-22T18:21:45","guid":{"rendered":"http:\/\/wp-paris-paris.test\/?product=la-pasionaria-crema-de-manos-melon-y-jazmin"},"modified":"2025-11-08T18:09:08","modified_gmt":"2025-11-08T21:09:08","slug":"la-pasionaria-crema-de-manos-melon-y-jazmin","status":"publish","type":"product","link":"https:\/\/parisparis.movilizame.com.ar\/?product=la-pasionaria-crema-de-manos-melon-y-jazmin","title":{"rendered":"LA PASIONARIA &#8211; Crema de Manos Mel\u00f3n y Jazm\u00edn"},"content":{"rendered":"<p>Crema para manos&nbsp;250 ml. | Mel\u00f3n y Jazm\u00edn<br \/>\nFrutas, hierbas y flores. Un equilibrio perfecto, ingredientes naturales y frescos, notas puras y claras formuladas para limpiar, nutrir, suavizar, proteger y perfumar las manos.<\/p>\n","protected":false},"excerpt":{"rendered":"<p>Crema para manos&nbsp;250 ml. | Mel\u00f3n y Jazm\u00edn Frutas, hierbas y flores. Un equilibrio perfecto, ingredientes naturales y frescos, notas&#8230;<\/p>\n","protected":false},"featured_media":7475,"comment_status":"open","ping_status":"closed","template":"","meta":[],"product_brand":[1483],"product_cat":[],"product_tag":[],"class_list":{"0":"post-6569","1":"product","2":"type-product","3":"status-publish","4":"has-post-thumbnail","6":"product_brand-la-pasionaria","8":"first","9":"instock","10":"shipping-taxable","11":"purchasable","12":"product-type-simple"},"_links":{"self":[{"href":"https:\/\/parisparis.movilizame.com.ar\/index.php?rest_route=\/wp\/v2\/product\/6569","targetHints":{"allow":["GET"]}}],"collection":[{"href":"https:\/\/parisparis.movilizame.com.ar\/index.php?rest_route=\/wp\/v2\/product"}],"about":[{"href":"https:\/\/parisparis.movilizame.com.ar\/index.php?rest_route=\/wp\/v2\/types\/product"}],"replies":[{"embeddable":true,"href":"https:\/\/parisparis.movilizame.com.ar\/index.php?rest_route=%2Fwp%2Fv2%2Fcomments&post=6569"}],"wp:featuredmedia":[{"embeddable":true,"href":"https:\/\/parisparis.movilizame.com.ar\/index.php?rest_route=\/wp\/v2\/media\/7475"}],"wp:attachment":[{"href":"https:\/\/parisparis.movilizame.com.ar\/index.php?rest_route=%2Fwp%2Fv2%2Fmedia&parent=6569"}],"wp:term":[{"taxonomy":"product_brand","embeddable":true,"href":"https:\/\/parisparis.movilizame.com.ar\/index.php?rest_route=%2Fwp%2Fv2%2Fproduct_brand&post=6569"},{"taxonomy":"product_cat","embeddable":true,"href":"https:\/\/parisparis.movilizame.com.ar\/index.php?rest_route=%2Fwp%2Fv2%2Fproduct_cat&post=6569"},{"taxonomy":"product_tag","embeddable":true,"href":"https:\/\/parisparis.movilizame.com.ar\/index.php?rest_route=%2Fwp%2Fv2%2Fproduct_tag&post=6569"}],"curies":[{"name":"wp","href":"https:\/\/api.w.org\/{rel}","templated":true}]}}