{"id":6528,"date":"2020-06-12T02:08:15","date_gmt":"2020-06-12T05:08:15","guid":{"rendered":"http:\/\/wp-paris-paris.test\/?product=boum-sport-edt-x-100-ml-x-100-ml"},"modified":"2025-11-18T17:14:03","modified_gmt":"2025-11-18T20:14:03","slug":"boum-sport-edt-x-100-ml-x-100-ml","status":"publish","type":"product","link":"https:\/\/parisparis.movilizame.com.ar\/?product=boum-sport-edt-x-100-ml-x-100-ml","title":{"rendered":"JEANNE ARTHES &#8211; BOUM SPORT EDT 100 ML"},"content":{"rendered":"<p>Si eres un esp\u00edritu libre esta fragancia masculina de Jeanne Arthes se convertir\u00e1 en tu fiel compa\u00f1ero.<\/p>\n<p>Disfruta de un torrente de nueva energ\u00eda y frescor ilimitado.<\/p>\n<p>&nbsp;<\/p>\n<p>Notas de salida:\u00a0 bergamota, cardamomo<\/p>\n<p>Notas de coraz\u00f3n:\u00a0 clary sage, lavanda<\/p>\n<p>Notas de fondo:\u00a0 haba tonka, musgo de roble, madera de cedro<\/p>\n","protected":false},"excerpt":{"rendered":"<p>Si eres un esp\u00edritu libre esta fragancia masculina de Jeanne Arthes se convertir\u00e1 en tu fiel compa\u00f1ero. Disfruta de un&#8230;<\/p>\n","protected":false},"featured_media":8420,"comment_status":"open","ping_status":"closed","template":"","meta":[],"product_brand":[1417],"product_cat":[],"product_tag":[],"class_list":{"0":"post-6528","1":"product","2":"type-product","3":"status-publish","4":"has-post-thumbnail","6":"product_brand-jeanne-arthes","8":"first","9":"instock","10":"shipping-taxable","11":"purchasable","12":"product-type-simple"},"_links":{"self":[{"href":"https:\/\/parisparis.movilizame.com.ar\/index.php?rest_route=\/wp\/v2\/product\/6528","targetHints":{"allow":["GET"]}}],"collection":[{"href":"https:\/\/parisparis.movilizame.com.ar\/index.php?rest_route=\/wp\/v2\/product"}],"about":[{"href":"https:\/\/parisparis.movilizame.com.ar\/index.php?rest_route=\/wp\/v2\/types\/product"}],"replies":[{"embeddable":true,"href":"https:\/\/parisparis.movilizame.com.ar\/index.php?rest_route=%2Fwp%2Fv2%2Fcomments&post=6528"}],"wp:featuredmedia":[{"embeddable":true,"href":"https:\/\/parisparis.movilizame.com.ar\/index.php?rest_route=\/wp\/v2\/media\/8420"}],"wp:attachment":[{"href":"https:\/\/parisparis.movilizame.com.ar\/index.php?rest_route=%2Fwp%2Fv2%2Fmedia&parent=6528"}],"wp:term":[{"taxonomy":"product_brand","embeddable":true,"href":"https:\/\/parisparis.movilizame.com.ar\/index.php?rest_route=%2Fwp%2Fv2%2Fproduct_brand&post=6528"},{"taxonomy":"product_cat","embeddable":true,"href":"https:\/\/parisparis.movilizame.com.ar\/index.php?rest_route=%2Fwp%2Fv2%2Fproduct_cat&post=6528"},{"taxonomy":"product_tag","embeddable":true,"href":"https:\/\/parisparis.movilizame.com.ar\/index.php?rest_route=%2Fwp%2Fv2%2Fproduct_tag&post=6528"}],"curies":[{"name":"wp","href":"https:\/\/api.w.org\/{rel}","templated":true}]}}